{"id":50,"date":"2016-01-12T18:34:43","date_gmt":"2016-01-12T17:34:43","guid":{"rendered":"http:\/\/nl.ijs.si\/kas\/?page_id=50"},"modified":"2026-04-09T11:08:44","modified_gmt":"2026-04-09T09:08:44","slug":"partnerji","status":"publish","type":"page","link":"https:\/\/nl.ijs.si\/kas\/partnerji\/","title":{"rendered":"Sodelavci"},"content":{"rendered":"<h2>IJS<\/h2>\n<ul>\n<li><a href=\"http:\/\/nl.ijs.si\/et\/\">Toma\u017e Erjavec<\/a>, vodja projekta [<a href=\"http:\/\/www.sicris.si\/search\/rsr.aspx?lang=slv&amp;id=5299\">SICRIS<\/a>]<\/li>\n<li><a href=\"http:\/\/nlp.ffzg.hr\/people\/nikola-ljubesic\/\">Nikola Ljube\u0161i\u0107<\/a>\u00a0[<a href=\"http:\/\/www.sicris.si\/search\/rsr.aspx?lang=slv&amp;id=42387\">SICRIS<\/a>]<\/li>\n<li><a href=\"http:\/\/www.simonkrek.si\/\">Simon Krek<\/a>\u00a0[<a href=\"http:\/\/www.sicris.si\/search\/rsr.aspx?lang=slv&amp;id=19644\">SICRIS<\/a>]<\/li>\n<\/ul>\n<h2>FERI UM<\/h2>\n<ul>\n<li><a href=\"https:\/\/lhrs.feri.um.si\/clani\/milan-ojstersek\/\">Milan Ojster\u0161ek<\/a>\u00a0[<a href=\"http:\/\/www.sicris.si\/search\/rsr.aspx?lang=slv&amp;id=5914\">SICRIS<\/a>]<\/li>\n<li><a href=\"https:\/\/www.linkedin.com\/in\/marko-ferme-b36b6b46\">Marko Ferme<\/a>\u00a0[<a href=\"http:\/\/www.sicris.si\/search\/rsr.aspx?lang=slv&amp;id=41680\">SICRIS<\/a>]<\/li>\n<li>Borko Bo\u0161kovi\u0107\u00a0[<a href=\"http:\/\/www.sicris.si\/search\/rsr.aspx?lang=slv&amp;id=19552\">SICRIS<\/a>]<\/li>\n<\/ul>\n<h2>FF UL<\/h2>\n<ul>\n<li><a href=\"http:\/\/lojze.lugos.si\/darja\/\">Darja Fi\u0161er<\/a>\u00a0[<a href=\"http:\/\/www.sicris.si\/search\/rsr.aspx?lang=slv&amp;id=19811\">SICRIS<\/a>]<\/li>\n<li><a href=\"https:\/\/www.ff.uni-lj.si\/zaposleni\/spela-arhar-holdt\">\u0160pela Arhar Holdt<\/a>\u00a0[<a href=\"http:\/\/www.sicris.si\/search\/rsr.aspx?lang=slv&amp;id=20343\">SICRIS<\/a>]<\/li>\n<li>Maja Bitenc [<a href=\"http:\/\/www.sicris.si\/public\/jqm\/search_basic.aspx?lang=slv&amp;opdescr=search&amp;opt=2&amp;subopt=1&amp;code1=cmn&amp;code2=auto&amp;search_term=maja%20bitenc,\">SICRIS<\/a>]<\/li>\n<li><a href=\"http:\/\/www.prevajalstvo.net\/ucitelj\/83\">Jaka \u010cibej<\/a>\u00a0[<a href=\"http:\/\/www.sicris.si\/search\/rsr.aspx?lang=slv&amp;id=42448\">SICRIS<\/a>]<\/li>\n<\/ul>\n<h2>FDV UL<\/h2>\n<ul>\n<li><a href=\"http:\/\/www.fdv.uni-lj.si\/obvestila-in-informacije\/imenik-sodelavcev\/pedagogi\/kartica\/natasa-logar\">Nata\u0161a Logar<\/a>\u00a0[<a href=\"http:\/\/www.sicris.si\/search\/rsr.aspx?lang=slv&amp;id=12368\">SICRIS<\/a>]<\/li>\n<\/ul>\n<p>&nbsp;<\/p>\n<p>&nbsp;<\/p>\n<p><!--themify_builder_static--><!--\/themify_builder_static--><\/p>\n","protected":false},"excerpt":{"rendered":"<p>IJS Toma\u017e Erjavec, vodja projekta [SICRIS] Nikola Ljube\u0161i\u0107\u00a0[SICRIS] Simon Krek\u00a0[SICRIS] FERI UM Milan Ojster\u0161ek\u00a0[SICRIS] Marko Ferme\u00a0[SICRIS] Borko Bo\u0161kovi\u0107\u00a0[SICRIS] FF UL Darja Fi\u0161er\u00a0[SICRIS] \u0160pela Arhar Holdt\u00a0[SICRIS] Maja Bitenc [SICRIS] Jaka \u010cibej\u00a0[SICRIS] FDV UL Nata\u0161a Logar\u00a0[SICRIS] &nbsp; &nbsp;<\/p>\n","protected":false},"author":4,"featured_media":0,"parent":0,"menu_order":0,"comment_status":"closed","ping_status":"closed","template":"","meta":{"footnotes":""},"class_list":["post-50","page","type-page","status-publish","hentry","has-post-title","has-post-date","has-post-category","has-post-tag","has-post-comment","has-post-author",""],"builder_content":"","_links":{"self":[{"href":"https:\/\/nl.ijs.si\/kas\/wp-json\/wp\/v2\/pages\/50","targetHints":{"allow":["GET"]}}],"collection":[{"href":"https:\/\/nl.ijs.si\/kas\/wp-json\/wp\/v2\/pages"}],"about":[{"href":"https:\/\/nl.ijs.si\/kas\/wp-json\/wp\/v2\/types\/page"}],"author":[{"embeddable":true,"href":"https:\/\/nl.ijs.si\/kas\/wp-json\/wp\/v2\/users\/4"}],"replies":[{"embeddable":true,"href":"https:\/\/nl.ijs.si\/kas\/wp-json\/wp\/v2\/comments?post=50"}],"version-history":[{"count":17,"href":"https:\/\/nl.ijs.si\/kas\/wp-json\/wp\/v2\/pages\/50\/revisions"}],"predecessor-version":[{"id":569,"href":"https:\/\/nl.ijs.si\/kas\/wp-json\/wp\/v2\/pages\/50\/revisions\/569"}],"wp:attachment":[{"href":"https:\/\/nl.ijs.si\/kas\/wp-json\/wp\/v2\/media?parent=50"}],"curies":[{"name":"wp","href":"https:\/\/api.w.org\/{rel}","templated":true}]}}