{"id":324,"date":"2017-06-27T11:37:24","date_gmt":"2017-06-27T09:37:24","guid":{"rendered":"http:\/\/nl.ijs.si\/kas\/?page_id=324"},"modified":"2024-01-17T09:58:51","modified_gmt":"2024-01-17T08:58:51","slug":"oznacevalci","status":"publish","type":"page","link":"https:\/\/nl.ijs.si\/kas\/partnerji\/oznacevalci\/","title":{"rendered":"Ozna\u010devalci"},"content":{"rendered":"<p><strong>AVTOMATSKO LU\u0160\u010cENJE TERMINOLOGIJE<\/strong><\/p>\n<p>Pri ozna\u010devanju u\u010dne mno\u017eice za razvoj avtomatskega lu\u0161\u010dilnika terminologije sodelujejo:<\/p>\n<p><a href=\"https:\/\/www.fkkt.um.si\/\"><strong>Fakulteta za kemijo in kemijsko tehnologijo UM<\/strong><\/a><\/p>\n<ul>\n<li>Podro\u010dni mentor: izr. prof. dr. Urban Bren<\/li>\n<li>\u0160tudentke in \u0161tudenti: Tamara Govej\u0161ek, Katja Le\u010dnik, Tina Rajh in Luka Romani\u0107<\/li>\n<\/ul>\n<p><a href=\"https:\/\/www.fri.uni-lj.si\/sl\"><strong>Fakulteta za ra\u010dunalni\u0161tvo in informatiko UL<\/strong><\/a><\/p>\n<ul>\n<li>Podro\u010dni mentor: <a href=\"https:\/\/www.fri.uni-lj.si\/sl\/o-fakulteti\/osebje\/marko-robnik-sikonja\">izr. prof. dr. Marko Robnik \u0160ikonja<\/a><\/li>\n<li>Podro\u010dna svetovalca: doc. dr. Andrej Brodnik in Sa\u0161o Kuntari\u010d<\/li>\n<li>\u0160tudentke in \u0161tudenti: Miha Bizjak, Sanja Bo\u017ei\u010d, Andreja Kova\u010di\u010d in Erik Raku\u0161\u010dek<\/li>\n<\/ul>\n<p><a href=\"https:\/\/www.fdv.uni-lj.si\/\"><strong>Fakulteta za dru\u017ebene vede UL<\/strong><\/a><\/p>\n<ul>\n<li>Podro\u010dni mentor: <a href=\"https:\/\/www.fdv.uni-lj.si\/obvestila-in-informacije\/imenik-sodelavcev\/pedagogi\/kartica\/bostjan-udovic\/\">doc. dr. Bo\u0161tjan Udovi\u010d<\/a><\/li>\n<li>\u0160tudenti: Nejc Furh, Faris Ko\u010dan, Luka \u0160koda in Dino \u0160ujak<\/li>\n<\/ul>\n","protected":false},"excerpt":{"rendered":"<p>AVTOMATSKO LU\u0160\u010cENJE TERMINOLOGIJE Pri ozna\u010devanju u\u010dne mno\u017eice za razvoj avtomatskega lu\u0161\u010dilnika terminologije sodelujejo: Fakulteta za kemijo in kemijsko tehnologijo UM Podro\u010dni mentor: izr. prof. dr. Urban Bren \u0160tudentke in \u0161tudenti: Tamara Govej\u0161ek, Katja Le\u010dnik, Tina Rajh in Luka Romani\u0107 Fakulteta za ra\u010dunalni\u0161tvo in informatiko UL Podro\u010dni mentor: izr. prof. dr. Marko Robnik \u0160ikonja Podro\u010dna svetovalca: [&hellip;]<\/p>\n","protected":false},"author":4,"featured_media":0,"parent":50,"menu_order":0,"comment_status":"closed","ping_status":"closed","template":"","meta":{"footnotes":""},"class_list":["post-324","page","type-page","status-publish","hentry","has-post-title","has-post-date","has-post-category","has-post-tag","has-post-comment","has-post-author",""],"builder_content":"","_links":{"self":[{"href":"https:\/\/nl.ijs.si\/kas\/wp-json\/wp\/v2\/pages\/324","targetHints":{"allow":["GET"]}}],"collection":[{"href":"https:\/\/nl.ijs.si\/kas\/wp-json\/wp\/v2\/pages"}],"about":[{"href":"https:\/\/nl.ijs.si\/kas\/wp-json\/wp\/v2\/types\/page"}],"author":[{"embeddable":true,"href":"https:\/\/nl.ijs.si\/kas\/wp-json\/wp\/v2\/users\/4"}],"replies":[{"embeddable":true,"href":"https:\/\/nl.ijs.si\/kas\/wp-json\/wp\/v2\/comments?post=324"}],"version-history":[{"count":4,"href":"https:\/\/nl.ijs.si\/kas\/wp-json\/wp\/v2\/pages\/324\/revisions"}],"predecessor-version":[{"id":522,"href":"https:\/\/nl.ijs.si\/kas\/wp-json\/wp\/v2\/pages\/324\/revisions\/522"}],"up":[{"embeddable":true,"href":"https:\/\/nl.ijs.si\/kas\/wp-json\/wp\/v2\/pages\/50"}],"wp:attachment":[{"href":"https:\/\/nl.ijs.si\/kas\/wp-json\/wp\/v2\/media?parent=324"}],"curies":[{"name":"wp","href":"https:\/\/api.w.org\/{rel}","templated":true}]}}