{"id":8,"date":"2014-08-04T10:35:10","date_gmt":"2014-08-04T10:35:10","guid":{"rendered":"http:\/\/nl.ijs.si\/janes\/?page_id=8"},"modified":"2026-04-09T10:47:47","modified_gmt":"2026-04-09T08:47:47","slug":"o-projektu","status":"publish","type":"page","link":"https:\/\/nl.ijs.si\/janes\/","title":{"rendered":"O projektu"},"content":{"rendered":"<p>JANES &#8211; <em>Jezikoslovna analiza nestandardne sloven\u0161\u010dine<\/em> je nacionalni raziskovalni projekt\u00a0(J6\u20156842), ki ga je od 1. 7. 2014 do 1. 2. 2018 financirala <a href=\"https:\/\/www.arrs.gov.si\/sl\/\">Javna agencija za raziskovalno dejavnost Republike Slovenije<\/a>. Pri projektu, ki ga je vodila <a href=\"https:\/\/inz.si\/sodelavec\/dr-darja-fiser\/\">Darja Fi\u0161er<\/a>, so sodelovali raziskovalci s\u00a0<a href=\"http:\/\/www.ff.uni-lj.si\">Filozofske fakultete Univerze v Ljubljani<\/a> in <a href=\"http:\/\/www.ijs.si\">Instituta &#8220;Jo\u017eef Stefan&#8221;<\/a>.<\/p>\n<p>Cilj projekta je bil zgraditi <a href=\"https:\/\/nl.ijs.si\/janes\/viri\/avtomatsko-oznaceni-korpusi\/\">obse\u017een korpus spletne\u00a0sloven\u0161\u010dine<\/a> (iz tvitov, besedil forumov, komentarjev na novice,\u00a0blogov in pogovornih strani na Wikipediji), s pomo\u010djo katerega smo omogo\u010dili <a href=\"https:\/\/nl.ijs.si\/janes\/o-projektu\/korpusna-analiza\/\">empiri\u010dno podprte jezikoslovne analize nestandardne spletne sloven\u0161\u010dine<\/a>,\u00a0<a href=\"https:\/\/nl.ijs.si\/janes\/o-projektu\/orodja\/\">izbolj\u0161anje jezikovnotehnolo\u0161kih orodij za obdelavo besedil, napisanih v nestandardnem jeziku<\/a>, in izdelali <a href=\"https:\/\/lexonomy.cjvt.si\/slovar-tviterscine\/\">slovar\u010dek spletne sloven\u0161\u010dine<\/a>.<\/p>\n<p>Rezultati projekta so prosto dostopni pod licenco <a href=\"https:\/\/creativecommons.org\/licenses\/by\/4.0\/\">Creative Commons, priznanje avtorstva 4.0<\/a>\u00a0in lako olaj\u0161ajo prou\u010devanje sodobne sloven\u0161\u010dine ter omogo\u010dijo razvoj robustnih jezikovnotehnolo\u0161kih aplikacij za sloven\u0161\u010dino, ki so nujne za ohranjanje polne funkcionalnosti sloven\u0161\u010dine v digitalni dobi. Razvita metodologija je uporabna tudi za sorodne jezike.<\/p>\n<p>Projekt je bil razdeljen na tri vsebinske sklope:<\/p>\n<ol>\n<li><a href=\"https:\/\/nl.ijs.si\/janes\/o-projektu\/korpus-janes\/\">Gradnja korpusa spletne sloven\u0161\u010dine<\/a><\/li>\n<li><a href=\"https:\/\/nl.ijs.si\/janes\/o-projektu\/korpusna-analiza\/\">Korpusna analiza spletne sloven\u0161\u010dine<\/a><\/li>\n<li><a href=\"https:\/\/nl.ijs.si\/janes\/o-projektu\/korpusna-analiza\/\">Razvoj virov in orodij za procesiranje spletne sloven\u0161\u010dine<\/a><\/li>\n<\/ol>\n<p><!--themify_builder_static--><!--\/themify_builder_static--><\/p>\n","protected":false},"excerpt":{"rendered":"<p>JANES &#8211; Jezikoslovna analiza nestandardne sloven\u0161\u010dine je nacionalni raziskovalni projekt\u00a0(J6\u20156842), ki ga je od 1. 7. 2014 do 1. 2. 2018 financirala Javna agencija za raziskovalno dejavnost Republike Slovenije. Pri projektu, ki ga je vodila Darja Fi\u0161er, so sodelovali raziskovalci s\u00a0Filozofske fakultete Univerze v Ljubljani in Instituta &#8220;Jo\u017eef Stefan&#8221;. Cilj projekta je bil zgraditi obse\u017een [&hellip;]<\/p>\n","protected":false},"author":2,"featured_media":0,"parent":0,"menu_order":0,"comment_status":"closed","ping_status":"closed","template":"","meta":{"footnotes":""},"class_list":["post-8","page","type-page","status-publish","hentry","has-post-title","has-post-date","has-post-category","has-post-tag","has-post-comment","has-post-author",""],"builder_content":"","_links":{"self":[{"href":"https:\/\/nl.ijs.si\/janes\/wp-json\/wp\/v2\/pages\/8","targetHints":{"allow":["GET"]}}],"collection":[{"href":"https:\/\/nl.ijs.si\/janes\/wp-json\/wp\/v2\/pages"}],"about":[{"href":"https:\/\/nl.ijs.si\/janes\/wp-json\/wp\/v2\/types\/page"}],"author":[{"embeddable":true,"href":"https:\/\/nl.ijs.si\/janes\/wp-json\/wp\/v2\/users\/2"}],"replies":[{"embeddable":true,"href":"https:\/\/nl.ijs.si\/janes\/wp-json\/wp\/v2\/comments?post=8"}],"version-history":[{"count":26,"href":"https:\/\/nl.ijs.si\/janes\/wp-json\/wp\/v2\/pages\/8\/revisions"}],"predecessor-version":[{"id":6266,"href":"https:\/\/nl.ijs.si\/janes\/wp-json\/wp\/v2\/pages\/8\/revisions\/6266"}],"wp:attachment":[{"href":"https:\/\/nl.ijs.si\/janes\/wp-json\/wp\/v2\/media?parent=8"}],"curies":[{"name":"wp","href":"https:\/\/api.w.org\/{rel}","templated":true}]}}