{"id":4635,"date":"2016-04-25T22:17:54","date_gmt":"2016-04-25T20:17:54","guid":{"rendered":"http:\/\/nl.ijs.si\/janes\/?page_id=4635"},"modified":"2024-01-17T09:17:49","modified_gmt":"2024-01-17T08:17:49","slug":"poletna-sola-2016","status":"publish","type":"page","link":"https:\/\/nl.ijs.si\/janes\/dogodki\/poletna-sola-2016\/","title":{"rendered":"Poletna \u0161ola 2016"},"content":{"rendered":"<h1 style=\"text-align: center;\">1. poletna \u0161ola<br \/>\nspletne sloven\u0161\u010dine JANES<\/h1>\n<p style=\"text-align: center;\"><strong>Oddelek za prevajalstvo,\u00a0Filozofska fakulteta, Ljubljana<\/strong><\/p>\n<p style=\"text-align: center;\"><strong>4.\u20138. julij 2016<\/strong><\/p>\n<p style=\"text-align: justify;\">Poletna \u0161ola je bila namenjena \u0161tudentom, ki jih zanimata jezikoslovje in sloven\u0161\u010dina, vklju\u010devala pa je predavanja in delavnice na temo sloven\u0161\u010dine na spletu in v novih medijih.<\/p>\n<p style=\"text-align: justify;\"><span style=\"font-weight: 400;\">Ob zaklju\u010dku poletne \u0161ole so udele\u017eenci svoje raziskovalne rezultate javno predstavili, <\/span><span style=\"font-weight: 400;\">najbolj\u0161i pa bodo predstavljeni na <a href=\"http:\/\/nl.ijs.si\/janes\/cmc-corpora2016\/\" target=\"_blank\" rel=\"noopener\">mednarodni konferenci o ra\u010dunalni\u0161ko posredovani komunikaciji in dru\u017ebenih omre\u017ejih<\/a>, ki jo prirejamo 28. in 29. septembra 2016 v Ljubljani<\/span><span style=\"font-weight: 400;\">.<\/span><\/p>\n<h2>Program\u00a0[<a href=\"http:\/\/nl.ijs.si\/janes\/wp-content\/uploads\/2016\/04\/sola-janes-2016-urnik-3.0.pdf\">pdf<\/a>]<\/h2>\n<p>Ponedeljek, 4. 7. 2016<\/p>\n<ul>\n<li>Predavanje 1: <a href=\"http:\/\/nl.ijs.si\/janes\/wp-content\/uploads\/2016\/04\/sola-fiser-predavanje1.pdf\">Predstavitev projekta in korpusa JANES<\/a>\u00a0(doc. dr. Darja Fi\u0161er)<\/li>\n<li>Predavanje 2: <a href=\"http:\/\/nl.ijs.si\/janes\/wp-content\/uploads\/2016\/04\/sola-fiser-predavanje2.pdf\">Raziskovanje ra\u010dunalni\u0161ko posredovane komunikacije<\/a> (doc. dr. Darja Fi\u0161er)<\/li>\n<li>Delavnica 1: <a href=\"http:\/\/nl.ijs.si\/janes\/wp-content\/uploads\/2016\/04\/sola-fiser-delavnica.pdf\">Raziskovanje spletne sloven\u0161\u010dine<\/a> (doc. dr. Darja Fi\u0161er)\n<ul>\n<li><a href=\"http:\/\/nl.ijs.si\/janes\/wp-content\/uploads\/2016\/04\/SkE-delavnica-JANES-kd-04032015-8.pdf\">Dodatno gradivo za SkE<\/a><\/li>\n<\/ul>\n<\/li>\n<\/ul>\n<p>Torek, 5. 7. 2016<\/p>\n<ul>\n<li>Predavanje 3: Spreminjanje jezika (red. prof. Marko Stabej)<\/li>\n<li>Predavanje 4: <a href=\"http:\/\/nl.ijs.si\/janes\/wp-content\/uploads\/2016\/04\/sola-logar.pdf\">Interpretacija korpusnih podatkov<\/a>\u00a0(doc. dr. Nata\u0161a Logar)<\/li>\n<li>Delavnica 2: <a href=\"http:\/\/nl.ijs.si\/janes\/wp-content\/uploads\/2016\/04\/sola-logar-vaje.pdf\">Interpretacija korpusnih podatkov<\/a> (doc. dr. Nata\u0161a Logar)<\/li>\n<\/ul>\n<p>Sreda, 6.7. 2016<\/p>\n<ul>\n<li>Predavanje 5: <a href=\"http:\/\/nl.ijs.si\/janes\/wp-content\/uploads\/2016\/04\/sola-rozman.pdf\">Je Janes \u0160olar?<\/a> (dr. Tadeja Rozman)<\/li>\n<li>Predavanje 6: <a href=\"http:\/\/nl.ijs.si\/janes\/wp-content\/uploads\/2016\/04\/sola-dobrovoljc.pdf\">Knji\u017enojezikovni standard in splet<\/a> (doc. dr. Helena Dobrovoljc)<\/li>\n<li>Delavnica 3: <a href=\"http:\/\/nl.ijs.si\/janes\/wp-content\/uploads\/2016\/04\/sola-dobrovoljc-fi\u0161er-vaje.pdf\">Knji\u017eno in spletno \u2013 dva jezika, dva svetova?<\/a>\u00a0(doc. dr. Helena Dobrovoljc)\n<ul>\n<li>Boris Urban\u010di\u010d: <a href=\"http:\/\/nl.ijs.si\/janes\/wp-content\/uploads\/2016\/04\/Bojo-2.pdf\">Bojo, vejo<\/a><\/li>\n<\/ul>\n<\/li>\n<\/ul>\n<p>\u010cetrtek, 7.7. 2016<\/p>\n<ul>\n<li>Predavanje 5: <a href=\"http:\/\/nl.ijs.si\/janes\/wp-content\/uploads\/2016\/04\/sola-michelizza2.pdf\">Tipolo\u0161ka analiza spletnih besedil<\/a>\u00a0(dr. Mija Michelizza)<\/li>\n<li>Predavanje 6: <a href=\"http:\/\/nl.ijs.si\/janes\/wp-content\/uploads\/2016\/04\/sola-popic.pdf\">Jezik in spol<\/a> (asist. dr. Damjan Popi\u010d)<\/li>\n<li>Delavnica 4:\u00a0Jezik in spol (asist. dr. Damjan Popi\u010d)<\/li>\n<\/ul>\n<p>Petek, 8.8. 2016<\/p>\n<ul>\n<li>Predavanje 7: <a href=\"http:\/\/nl.ijs.si\/janes\/wp-content\/uploads\/2016\/04\/sola-arhar.pdf\">Skladenjska analiza spletne sloven\u0161\u010dine<\/a>\u00a0(dr. \u0160pela Arhar Holdt)<\/li>\n<li>Predavanje 8: <a href=\"http:\/\/nl.ijs.si\/janes\/wp-content\/uploads\/2016\/04\/sola-gantar.pdf\">Korpusna frazeologija<\/a>\u00a0(dr. Polona Gantar)<\/li>\n<li>Zaklju\u010dna delavnica: Predstavitev rezultatov raziskav<\/li>\n<\/ul>\n<h2>Predstavitve \u0161tudentov<\/h2>\n<ul>\n<li>Dafne Marko, Ga\u0161per Pesek in Iza \u0160krjanec &#8211; <strong>Glagolske oblike -jo\/-do v korpusu Kres, tvitih in blogih<\/strong> [<a href=\"http:\/\/nl.ijs.si\/janes\/wp-content\/uploads\/2016\/04\/poletna_sola_JANES_2016-glagoli-jo-do.pdf\">pdf<\/a>]<\/li>\n<li>Eva Cimerman, Miha Helbl in Kri\u0161tof Brezar &#8211; <strong>\u017daljivke korporativno in privat<\/strong> [<a href=\"http:\/\/nl.ijs.si\/janes\/wp-content\/uploads\/2016\/04\/poletna_sola_JANES_2016-zaljivke-korporativno-in-privat.pdf\">pdf<\/a>]<\/li>\n<li>Maja Kova\u010d, Aleksandra Rajkovi\u0107 in Angelika Zimmermann &#8211; <strong>Feminativi<\/strong> [<a href=\"http:\/\/nl.ijs.si\/janes\/wp-content\/uploads\/2016\/04\/poletna_sola_JANES_2016-feminativi.pdf\">pdf<\/a>]<\/li>\n<li>Zoran Fijav\u017e, Tajda Kol\u0161ek in Polona Polc &#8211; <strong>Kako tvitajo mo\u0161ki in \u017eenske?<\/strong> [<a href=\"http:\/\/nl.ijs.si\/janes\/wp-content\/uploads\/2016\/04\/poletna_sola_JANES_2016-kako-tvitajo-moski-in-zenske.pdf\">pdf<\/a>]<\/li>\n<li>Janik Je\u017eovnik in Luka Lu\u0161tek &#8211; <strong>Kako mo\u0161ki in \u017eenske uporabljajo kletvice na Twitterju?\u00a0<\/strong>[<a href=\"http:\/\/nl.ijs.si\/janes\/wp-content\/uploads\/2016\/04\/poletna_sola_JANES_2016-kletvice-moski-zenske.pdf\">pdf<\/a>]<\/li>\n<\/ul>\n<h2><b>Predavatelji<\/b><\/h2>\n<ul>\n<li style=\"font-weight: 400;\"><span style=\"font-weight: 400;\"><a href=\"https:\/\/www.ff.uni-lj.si\/zaposleni\/spela-arhar-holdt\" target=\"_blank\" rel=\"noopener\">dr. \u0160pela Arhar Holdt<\/a><\/span><\/li>\n<li style=\"font-weight: 400;\"><a href=\"http:\/\/isjfr.zrc-sazu.si\/sl\/sodelavci\/helena-dobrovoljc-sl#v\" target=\"_blank\" rel=\"noopener\">doc. dr. Helena Dobrovoljc<\/a><\/li>\n<li style=\"font-weight: 400;\"><span style=\"font-weight: 400;\"><a href=\"http:\/\/lojze.lugos.si\/darja\/\" target=\"_blank\" rel=\"noopener\">doc. dr. Darja Fi\u0161er<\/a><\/span><\/li>\n<li style=\"font-weight: 400;\"><span style=\"font-weight: 400;\"><a href=\"http:\/\/www.prevajalstvo.net\/ucitelj\/86\" target=\"_blank\" rel=\"noopener\">dr. Polona Gantar<\/a><\/span><\/li>\n<li style=\"font-weight: 400;\"><a href=\"http:\/\/www.fdv.uni-lj.si\/obvestila-in-informacije\/imenik-sodelavcev\/pedagogi\/kartica\/natasa-logar\" target=\"_blank\" rel=\"noopener\">doc. dr. Nata\u0161a Logar<\/a><\/li>\n<li style=\"font-weight: 400;\"><a href=\"http:\/\/isjfr.zrc-sazu.si\/sl\/sodelavci\/mija-michelizza-sl#v\">dr. Mija Michelizza<\/a><\/li>\n<li style=\"font-weight: 400;\"><span style=\"font-weight: 400;\"><a href=\"http:\/\/www.prevajalstvo.net\/ucitelj\/43\" target=\"_blank\" rel=\"noopener\">asist. dr. Damjan Popi\u010d<\/a><\/span><\/li>\n<li style=\"font-weight: 400;\">dr. Tadeja Rozman<\/li>\n<li style=\"font-weight: 400;\"><a href=\"https:\/\/www.ff.uni-lj.si\/zaposleni\/marko-stabej\" target=\"_blank\" rel=\"noopener\">red. prof. dr. Marko Stabej<\/a><\/li>\n<\/ul>\n<h2>\u00a0Utrinki s poletne \u0161ole<\/h2>\n<p><a href=\"http:\/\/nl.ijs.si\/janes\/wp-content\/uploads\/2016\/04\/MG_0255.jpg\"><img loading=\"lazy\" decoding=\"async\" class=\"alignnone size-medium wp-image-4803\" src=\"http:\/\/nl.ijs.si\/janes\/wp-content\/uploads\/2016\/04\/MG_0255-300x200.jpg\" alt=\"_MG_0255\" width=\"300\" height=\"200\" srcset=\"https:\/\/nl.ijs.si\/janes\/wp-content\/uploads\/2016\/04\/MG_0255-300x200.jpg 300w, https:\/\/nl.ijs.si\/janes\/wp-content\/uploads\/2016\/04\/MG_0255-768x512.jpg 768w, https:\/\/nl.ijs.si\/janes\/wp-content\/uploads\/2016\/04\/MG_0255-1024x683.jpg 1024w\" sizes=\"auto, (max-width: 300px) 100vw, 300px\" \/><\/a> <a href=\"http:\/\/nl.ijs.si\/janes\/wp-content\/uploads\/2016\/04\/MG_0259.jpg\"><img loading=\"lazy\" decoding=\"async\" class=\"alignnone size-medium wp-image-4804\" src=\"http:\/\/nl.ijs.si\/janes\/wp-content\/uploads\/2016\/04\/MG_0259-300x200.jpg\" alt=\"_MG_0259\" width=\"300\" height=\"200\" srcset=\"https:\/\/nl.ijs.si\/janes\/wp-content\/uploads\/2016\/04\/MG_0259-300x200.jpg 300w, https:\/\/nl.ijs.si\/janes\/wp-content\/uploads\/2016\/04\/MG_0259-768x512.jpg 768w, https:\/\/nl.ijs.si\/janes\/wp-content\/uploads\/2016\/04\/MG_0259-1024x683.jpg 1024w\" sizes=\"auto, (max-width: 300px) 100vw, 300px\" \/><\/a> <a href=\"http:\/\/nl.ijs.si\/janes\/wp-content\/uploads\/2016\/04\/MG_0284.jpg\"><img loading=\"lazy\" decoding=\"async\" class=\"alignnone size-medium wp-image-4805\" src=\"http:\/\/nl.ijs.si\/janes\/wp-content\/uploads\/2016\/04\/MG_0284-300x200.jpg\" alt=\"_MG_0284\" width=\"300\" height=\"200\" srcset=\"https:\/\/nl.ijs.si\/janes\/wp-content\/uploads\/2016\/04\/MG_0284-300x200.jpg 300w, https:\/\/nl.ijs.si\/janes\/wp-content\/uploads\/2016\/04\/MG_0284-768x512.jpg 768w, https:\/\/nl.ijs.si\/janes\/wp-content\/uploads\/2016\/04\/MG_0284-1024x683.jpg 1024w\" sizes=\"auto, (max-width: 300px) 100vw, 300px\" \/><\/a> <img loading=\"lazy\" decoding=\"async\" class=\"alignnone size-medium wp-image-4808\" src=\"http:\/\/nl.ijs.si\/janes\/wp-content\/uploads\/2016\/04\/DSC03289-300x200.jpg\" alt=\"DSC03289\" width=\"300\" height=\"200\" srcset=\"https:\/\/nl.ijs.si\/janes\/wp-content\/uploads\/2016\/04\/DSC03289-300x200.jpg 300w, https:\/\/nl.ijs.si\/janes\/wp-content\/uploads\/2016\/04\/DSC03289-768x512.jpg 768w, https:\/\/nl.ijs.si\/janes\/wp-content\/uploads\/2016\/04\/DSC03289-1024x683.jpg 1024w\" sizes=\"auto, (max-width: 300px) 100vw, 300px\" \/><a href=\"http:\/\/nl.ijs.si\/janes\/wp-content\/uploads\/2016\/04\/MG_0318.jpg\"><img loading=\"lazy\" decoding=\"async\" class=\"alignnone size-medium wp-image-4806\" src=\"http:\/\/nl.ijs.si\/janes\/wp-content\/uploads\/2016\/04\/MG_0318-200x300.jpg\" alt=\"_MG_0318\" width=\"200\" height=\"300\" srcset=\"https:\/\/nl.ijs.si\/janes\/wp-content\/uploads\/2016\/04\/MG_0318-200x300.jpg 200w, https:\/\/nl.ijs.si\/janes\/wp-content\/uploads\/2016\/04\/MG_0318-768x1152.jpg 768w, https:\/\/nl.ijs.si\/janes\/wp-content\/uploads\/2016\/04\/MG_0318-683x1024.jpg 683w, https:\/\/nl.ijs.si\/janes\/wp-content\/uploads\/2016\/04\/MG_0318.jpg 1437w\" sizes=\"auto, (max-width: 200px) 100vw, 200px\" \/><\/a>\u00a0\u00a0 <a href=\"http:\/\/nl.ijs.si\/janes\/wp-content\/uploads\/2016\/04\/MG_0408.jpg\"><img loading=\"lazy\" decoding=\"async\" class=\"alignnone size-medium wp-image-4809\" src=\"http:\/\/nl.ijs.si\/janes\/wp-content\/uploads\/2016\/04\/MG_0408-300x200.jpg\" alt=\"_MG_0408\" width=\"300\" height=\"200\" srcset=\"https:\/\/nl.ijs.si\/janes\/wp-content\/uploads\/2016\/04\/MG_0408-300x200.jpg 300w, https:\/\/nl.ijs.si\/janes\/wp-content\/uploads\/2016\/04\/MG_0408-768x512.jpg 768w, https:\/\/nl.ijs.si\/janes\/wp-content\/uploads\/2016\/04\/MG_0408-1024x683.jpg 1024w\" sizes=\"auto, (max-width: 300px) 100vw, 300px\" \/><\/a> <a href=\"http:\/\/nl.ijs.si\/janes\/wp-content\/uploads\/2016\/04\/MG_0413.jpg\"><img loading=\"lazy\" decoding=\"async\" class=\"alignnone size-medium wp-image-4810\" src=\"http:\/\/nl.ijs.si\/janes\/wp-content\/uploads\/2016\/04\/MG_0413-300x200.jpg\" alt=\"_MG_0413\" width=\"300\" height=\"200\" srcset=\"https:\/\/nl.ijs.si\/janes\/wp-content\/uploads\/2016\/04\/MG_0413-300x200.jpg 300w, https:\/\/nl.ijs.si\/janes\/wp-content\/uploads\/2016\/04\/MG_0413-768x512.jpg 768w, https:\/\/nl.ijs.si\/janes\/wp-content\/uploads\/2016\/04\/MG_0413-1024x683.jpg 1024w\" sizes=\"auto, (max-width: 300px) 100vw, 300px\" \/><\/a> <a href=\"http:\/\/nl.ijs.si\/janes\/wp-content\/uploads\/2016\/04\/MG_0420.jpg\"><img loading=\"lazy\" decoding=\"async\" class=\"alignnone size-medium wp-image-4811\" src=\"http:\/\/nl.ijs.si\/janes\/wp-content\/uploads\/2016\/04\/MG_0420-300x200.jpg\" alt=\"_MG_0420\" width=\"300\" height=\"200\" srcset=\"https:\/\/nl.ijs.si\/janes\/wp-content\/uploads\/2016\/04\/MG_0420-300x200.jpg 300w, https:\/\/nl.ijs.si\/janes\/wp-content\/uploads\/2016\/04\/MG_0420-768x512.jpg 768w, https:\/\/nl.ijs.si\/janes\/wp-content\/uploads\/2016\/04\/MG_0420-1024x683.jpg 1024w\" sizes=\"auto, (max-width: 300px) 100vw, 300px\" \/><\/a> <a href=\"http:\/\/nl.ijs.si\/janes\/wp-content\/uploads\/2016\/04\/MG_0428.jpg\"><img loading=\"lazy\" decoding=\"async\" class=\"alignnone size-medium wp-image-4812\" src=\"http:\/\/nl.ijs.si\/janes\/wp-content\/uploads\/2016\/04\/MG_0428-300x200.jpg\" alt=\"_MG_0428\" width=\"300\" height=\"200\" srcset=\"https:\/\/nl.ijs.si\/janes\/wp-content\/uploads\/2016\/04\/MG_0428-300x200.jpg 300w, https:\/\/nl.ijs.si\/janes\/wp-content\/uploads\/2016\/04\/MG_0428-768x512.jpg 768w, https:\/\/nl.ijs.si\/janes\/wp-content\/uploads\/2016\/04\/MG_0428-1024x683.jpg 1024w\" sizes=\"auto, (max-width: 300px) 100vw, 300px\" \/><\/a> <a href=\"http:\/\/nl.ijs.si\/janes\/wp-content\/uploads\/2016\/04\/IMG_0445.jpg\"><img loading=\"lazy\" decoding=\"async\" class=\"alignnone size-medium wp-image-4813\" src=\"http:\/\/nl.ijs.si\/janes\/wp-content\/uploads\/2016\/04\/IMG_0445-300x200.jpg\" alt=\"IMG_0445\" width=\"300\" height=\"200\" srcset=\"https:\/\/nl.ijs.si\/janes\/wp-content\/uploads\/2016\/04\/IMG_0445-300x200.jpg 300w, https:\/\/nl.ijs.si\/janes\/wp-content\/uploads\/2016\/04\/IMG_0445-768x512.jpg 768w, https:\/\/nl.ijs.si\/janes\/wp-content\/uploads\/2016\/04\/IMG_0445-1024x683.jpg 1024w\" sizes=\"auto, (max-width: 300px) 100vw, 300px\" \/><\/a> <a href=\"http:\/\/nl.ijs.si\/janes\/wp-content\/uploads\/2016\/04\/MG_0458.jpg\"><img loading=\"lazy\" decoding=\"async\" class=\"alignnone size-medium wp-image-4814\" src=\"http:\/\/nl.ijs.si\/janes\/wp-content\/uploads\/2016\/04\/MG_0458-300x200.jpg\" alt=\"_MG_0458\" width=\"300\" height=\"200\" srcset=\"https:\/\/nl.ijs.si\/janes\/wp-content\/uploads\/2016\/04\/MG_0458-300x200.jpg 300w, https:\/\/nl.ijs.si\/janes\/wp-content\/uploads\/2016\/04\/MG_0458-768x512.jpg 768w, https:\/\/nl.ijs.si\/janes\/wp-content\/uploads\/2016\/04\/MG_0458-1024x683.jpg 1024w\" sizes=\"auto, (max-width: 300px) 100vw, 300px\" \/><\/a> <a href=\"http:\/\/nl.ijs.si\/janes\/wp-content\/uploads\/2016\/04\/MG_0469.jpg\"><img loading=\"lazy\" decoding=\"async\" class=\"alignnone size-medium wp-image-4815\" src=\"http:\/\/nl.ijs.si\/janes\/wp-content\/uploads\/2016\/04\/MG_0469-300x200.jpg\" alt=\"_MG_0469\" width=\"300\" height=\"200\" srcset=\"https:\/\/nl.ijs.si\/janes\/wp-content\/uploads\/2016\/04\/MG_0469-300x200.jpg 300w, https:\/\/nl.ijs.si\/janes\/wp-content\/uploads\/2016\/04\/MG_0469-768x512.jpg 768w, https:\/\/nl.ijs.si\/janes\/wp-content\/uploads\/2016\/04\/MG_0469-1024x683.jpg 1024w\" sizes=\"auto, (max-width: 300px) 100vw, 300px\" \/><\/a> <a href=\"http:\/\/nl.ijs.si\/janes\/wp-content\/uploads\/2016\/04\/DSC03339.jpg\"><img loading=\"lazy\" decoding=\"async\" class=\"alignnone size-medium wp-image-4816\" src=\"http:\/\/nl.ijs.si\/janes\/wp-content\/uploads\/2016\/04\/DSC03339-300x200.jpg\" alt=\"DSC03339\" width=\"300\" height=\"200\" srcset=\"https:\/\/nl.ijs.si\/janes\/wp-content\/uploads\/2016\/04\/DSC03339-300x200.jpg 300w, https:\/\/nl.ijs.si\/janes\/wp-content\/uploads\/2016\/04\/DSC03339-768x512.jpg 768w, https:\/\/nl.ijs.si\/janes\/wp-content\/uploads\/2016\/04\/DSC03339-1024x683.jpg 1024w\" sizes=\"auto, (max-width: 300px) 100vw, 300px\" \/><\/a> <a href=\"http:\/\/nl.ijs.si\/janes\/wp-content\/uploads\/2016\/04\/IMG_0487.jpg\"><img loading=\"lazy\" decoding=\"async\" class=\"alignnone wp-image-4817 size-medium\" src=\"http:\/\/nl.ijs.si\/janes\/wp-content\/uploads\/2016\/04\/IMG_0487-e1468954315708-200x300.jpg\" alt=\"IMG_0487\" width=\"200\" height=\"300\" srcset=\"https:\/\/nl.ijs.si\/janes\/wp-content\/uploads\/2016\/04\/IMG_0487-e1468954315708-200x300.jpg 200w, https:\/\/nl.ijs.si\/janes\/wp-content\/uploads\/2016\/04\/IMG_0487-e1468954315708-768x1152.jpg 768w, https:\/\/nl.ijs.si\/janes\/wp-content\/uploads\/2016\/04\/IMG_0487-e1468954315708-683x1024.jpg 683w, https:\/\/nl.ijs.si\/janes\/wp-content\/uploads\/2016\/04\/IMG_0487-e1468954315708.jpg 1664w\" sizes=\"auto, (max-width: 200px) 100vw, 200px\" \/><\/a><\/p>\n<p><a href=\"http:\/\/nl.ijs.si\/janes\/wp-content\/uploads\/2016\/04\/MG_0505.jpg\"><img loading=\"lazy\" decoding=\"async\" class=\"alignnone size-medium wp-image-4818\" src=\"http:\/\/nl.ijs.si\/janes\/wp-content\/uploads\/2016\/04\/MG_0505-300x200.jpg\" alt=\"_MG_0505\" width=\"300\" height=\"200\" srcset=\"https:\/\/nl.ijs.si\/janes\/wp-content\/uploads\/2016\/04\/MG_0505-300x200.jpg 300w, https:\/\/nl.ijs.si\/janes\/wp-content\/uploads\/2016\/04\/MG_0505-768x512.jpg 768w, https:\/\/nl.ijs.si\/janes\/wp-content\/uploads\/2016\/04\/MG_0505-1024x683.jpg 1024w\" sizes=\"auto, (max-width: 300px) 100vw, 300px\" \/><\/a> <a href=\"http:\/\/nl.ijs.si\/janes\/wp-content\/uploads\/2016\/04\/DSC03344.jpg\"><img loading=\"lazy\" decoding=\"async\" class=\"alignnone size-medium wp-image-4819\" src=\"http:\/\/nl.ijs.si\/janes\/wp-content\/uploads\/2016\/04\/DSC03344-300x200.jpg\" alt=\"DSC03344\" width=\"300\" height=\"200\" srcset=\"https:\/\/nl.ijs.si\/janes\/wp-content\/uploads\/2016\/04\/DSC03344-300x200.jpg 300w, https:\/\/nl.ijs.si\/janes\/wp-content\/uploads\/2016\/04\/DSC03344-768x512.jpg 768w, https:\/\/nl.ijs.si\/janes\/wp-content\/uploads\/2016\/04\/DSC03344-1024x683.jpg 1024w\" sizes=\"auto, (max-width: 300px) 100vw, 300px\" \/><\/a>\u00a0\u00a0<a href=\"http:\/\/nl.ijs.si\/janes\/wp-content\/uploads\/2016\/04\/DSC03360.jpg\"><img loading=\"lazy\" decoding=\"async\" class=\"alignnone size-medium wp-image-4821\" src=\"http:\/\/nl.ijs.si\/janes\/wp-content\/uploads\/2016\/04\/DSC03360-300x200.jpg\" alt=\"DSC03360\" width=\"300\" height=\"200\" srcset=\"https:\/\/nl.ijs.si\/janes\/wp-content\/uploads\/2016\/04\/DSC03360-300x200.jpg 300w, https:\/\/nl.ijs.si\/janes\/wp-content\/uploads\/2016\/04\/DSC03360-768x512.jpg 768w, https:\/\/nl.ijs.si\/janes\/wp-content\/uploads\/2016\/04\/DSC03360-1024x683.jpg 1024w\" sizes=\"auto, (max-width: 300px) 100vw, 300px\" \/><\/a> <a href=\"http:\/\/nl.ijs.si\/janes\/wp-content\/uploads\/2016\/04\/DSC03375.jpg\"><img loading=\"lazy\" decoding=\"async\" class=\"alignnone size-medium wp-image-4822\" src=\"http:\/\/nl.ijs.si\/janes\/wp-content\/uploads\/2016\/04\/DSC03375-300x200.jpg\" alt=\"DSC03375\" width=\"300\" height=\"200\" srcset=\"https:\/\/nl.ijs.si\/janes\/wp-content\/uploads\/2016\/04\/DSC03375-300x200.jpg 300w, https:\/\/nl.ijs.si\/janes\/wp-content\/uploads\/2016\/04\/DSC03375-768x512.jpg 768w, https:\/\/nl.ijs.si\/janes\/wp-content\/uploads\/2016\/04\/DSC03375-1024x683.jpg 1024w\" sizes=\"auto, (max-width: 300px) 100vw, 300px\" \/><\/a><\/p>\n<h2><b>Organizacijski odbor<\/b><\/h2>\n<ul>\n<li><a href=\"http:\/\/lojze.lugos.si\/darja\/\" target=\"_blank\" rel=\"noopener\">doc. dr. Darja Fi\u0161er<\/a><\/li>\n<li><a href=\"http:\/\/www.prevajalstvo.net\/ucitelj\/83\" target=\"_blank\" rel=\"noopener\">asist. Jaka \u010cibej<\/a><\/li>\n<\/ul>\n<h2><strong>Organizatorji<\/strong><\/h2>\n<p><a href=\"http:\/\/nl.ijs.si\/janes\/wp-content\/uploads\/2015\/03\/ff.png\"><img loading=\"lazy\" decoding=\"async\" class=\"alignnone size-full wp-image-3657\" src=\"http:\/\/nl.ijs.si\/janes\/wp-content\/uploads\/2015\/03\/ff.png\" alt=\"ff\" width=\"100\" height=\"96\" \/><\/a><a href=\"http:\/\/nl.ijs.si\/janes\/wp-content\/uploads\/2015\/03\/clarin.png\"><img loading=\"lazy\" decoding=\"async\" class=\"alignnone size-medium wp-image-3658\" src=\"http:\/\/nl.ijs.si\/janes\/wp-content\/uploads\/2015\/03\/clarin-300x125.png\" alt=\"clarin\" width=\"300\" height=\"125\" srcset=\"https:\/\/nl.ijs.si\/janes\/wp-content\/uploads\/2015\/03\/clarin-300x125.png 300w, https:\/\/nl.ijs.si\/janes\/wp-content\/uploads\/2015\/03\/clarin.png 359w\" sizes=\"auto, (max-width: 300px) 100vw, 300px\" \/><\/a><\/p>\n","protected":false},"excerpt":{"rendered":"<p>1. poletna \u0161ola spletne sloven\u0161\u010dine JANES Oddelek za prevajalstvo,\u00a0Filozofska fakulteta, Ljubljana 4.\u20138. julij 2016 Poletna \u0161ola je bila namenjena \u0161tudentom, ki jih zanimata jezikoslovje in sloven\u0161\u010dina, vklju\u010devala pa je predavanja in delavnice na temo sloven\u0161\u010dine na spletu in v novih medijih. Ob zaklju\u010dku poletne \u0161ole so udele\u017eenci svoje raziskovalne rezultate javno predstavili, najbolj\u0161i pa bodo [&hellip;]<\/p>\n","protected":false},"author":2,"featured_media":0,"parent":3081,"menu_order":0,"comment_status":"closed","ping_status":"closed","template":"","meta":{"footnotes":""},"class_list":["post-4635","page","type-page","status-publish","hentry","has-post-title","has-post-date","has-post-category","has-post-tag","has-post-comment","has-post-author",""],"builder_content":"","_links":{"self":[{"href":"https:\/\/nl.ijs.si\/janes\/wp-json\/wp\/v2\/pages\/4635","targetHints":{"allow":["GET"]}}],"collection":[{"href":"https:\/\/nl.ijs.si\/janes\/wp-json\/wp\/v2\/pages"}],"about":[{"href":"https:\/\/nl.ijs.si\/janes\/wp-json\/wp\/v2\/types\/page"}],"author":[{"embeddable":true,"href":"https:\/\/nl.ijs.si\/janes\/wp-json\/wp\/v2\/users\/2"}],"replies":[{"embeddable":true,"href":"https:\/\/nl.ijs.si\/janes\/wp-json\/wp\/v2\/comments?post=4635"}],"version-history":[{"count":31,"href":"https:\/\/nl.ijs.si\/janes\/wp-json\/wp\/v2\/pages\/4635\/revisions"}],"predecessor-version":[{"id":6207,"href":"https:\/\/nl.ijs.si\/janes\/wp-json\/wp\/v2\/pages\/4635\/revisions\/6207"}],"up":[{"embeddable":true,"href":"https:\/\/nl.ijs.si\/janes\/wp-json\/wp\/v2\/pages\/3081"}],"wp:attachment":[{"href":"https:\/\/nl.ijs.si\/janes\/wp-json\/wp\/v2\/media?parent=4635"}],"curies":[{"name":"wp","href":"https:\/\/api.w.org\/{rel}","templated":true}]}}