{"id":4048,"date":"2015-11-26T07:43:50","date_gmt":"2015-11-26T06:43:50","guid":{"rendered":"http:\/\/nl.ijs.si\/janes\/?page_id=4048"},"modified":"2024-01-17T09:19:11","modified_gmt":"2024-01-17T08:19:11","slug":"tematska-stevilka-slo20","status":"publish","type":"page","link":"https:\/\/nl.ijs.si\/janes\/publikacije\/tematska-stevilka-slo20\/","title":{"rendered":"Vabilo za tematsko \u0161tevilko"},"content":{"rendered":"<h4 style=\"text-align: left;\"><a href=\"#english\">CFP in English<\/a><\/h4>\n<h1 style=\"text-align: center;\">Vabilo za prispevke za tematsko \u0161tevilko revije <a href=\"http:\/\/www.trojina.org\/slovenscina2.0\/\">Sloven\u0161\u010dina 2.0<br \/>\n<\/a><\/h1>\n<p style=\"text-align: center;\"><strong>&#8220;Viri, orodja in metode za prou\u010devanje ra\u010dunalni\u0161ko posredovane komunikacije&#8221;<\/strong><\/p>\n<p>Vabimo vas k oddaji prispevkov za tematsko \u0161tevilko revije <a href=\"http:\/\/www.trojina.org\/slovenscina2.0\/\">Sloven\u0161\u010dina 2.0<\/a> z naslovom\u00a0\u00bbViri, orodja in metode za prou\u010devanje ra\u010dunalni\u0161ko posredovane komunikacije\u00ab, ki bo iz\u0161la avgusta 2016.<\/p>\n<p>Prispevki naj\u00a0predstavljajo nove in zaklju\u010dene raziskave o gradnji in analiz virov ter razvoju orodij in metod za prou\u010devanje jezika, ki ga uporabljamo v ra\u010dunalni\u0161ko posredovani komunikaciji. Dobrodo\u0161li so tudi pregledni prispevki, razprave, poro\u010dila in recenzije.<\/p>\n<h2>Teme<\/h2>\n<p>Obravnavane teme vklju\u010dujejo, a niso omejene na:<\/p>\n<ul>\n<li>gradnja in distribucija korpusov\u00a0ra\u010dunalni\u0161ko posredovane komunikacije<\/li>\n<li>viri in orodja za procesiranje\u00a0ra\u010dunalni\u0161ko posredovane komunikacije<\/li>\n<li>korpusna analiza\u00a0ra\u010dunalni\u0161ko posredovane komunikacije<\/li>\n<li>ra\u010dunalni\u0161ko posredovana komunikacija\u00a0in standardni\u00a0jezik<\/li>\n<li>ra\u010dunalni\u0161ko posredovana komunikacija\u00a0in govorjeni jezik<\/li>\n<li>sociolingvisti\u010dne raziskave\u00a0ra\u010dunalni\u0161ko posredovane komunikacije<\/li>\n<li>strategije oblikovanja\u00a0sporo\u010dil v novih medijih<\/li>\n<li>preklapljanje med jeziki\/registri na spletu<\/li>\n<li>neologizmi in pomenski premiki v\u00a0ra\u010dunalni\u0161ko posredovani komunikaciji<\/li>\n<li>ra\u010dunalni\u0161ko posredovana komunikacija\u00a0in \u017ealjivi govor<\/li>\n<\/ul>\n<p>Prispevki naj bodo napisani v slovenskem ali angle\u0161kem jeziku. Zaradi zagotavljanja slepih recenzij naj bodo anonimni. Podrobnej\u0161a\u00a0<a href=\"http:\/\/www.trojina.org\/slovenscina2.0\/si\/oddaja-prispevkov\/\">navodila za oddajo prispevkov<\/a> in <a href=\"http:\/\/www.trojina.org\/slovenscina2.0\/si\/recenzentski-postopek\/\">informacije o recenzentskem postopku<\/a> najdete na doma\u010di strani revije.<\/p>\n<h2>Pomembni datumi<\/h2>\n<ul>\n<li>31. 03. 2016 &#8211; Oddaja prispevkov<\/li>\n<li>31. 05. 2016 &#8211;\u00a0Obvestilo o sprejetju in recenzije<\/li>\n<li>31. 06. 2016 &#8211; Oddaja popravljenih razli\u010dic prispevkov<\/li>\n<li>15. 07. 2016 &#8211; Postavitev prispevkov<\/li>\n<li>30. 07. 2016 &#8211; Oddaja korektur<\/li>\n<li>15. 08. 2016 &#8211; Objava prispevkov<\/li>\n<\/ul>\n<h2>Uredni\u0161ki odbor<\/h2>\n<h3>Glavni urednici<\/h3>\n<ul>\n<li><a href=\"http:\/\/www.fdv.uni-lj.si\/obvestila-in-informacije\/imenik-sodelavcev\/pedagogi\/kartica\/natasa-logar\">Nata\u0161a Logar<\/a>\u00a0(UL FDV)<\/li>\n<li><a href=\"http:\/\/www.prevajalstvo.net\/ucitelj\/86\">Polona Gantar<\/a>\u00a0(UL FF)<\/li>\n<\/ul>\n<h3>Gostujo\u010da urednica<\/h3>\n<ul>\n<li><a href=\"http:\/\/lojze.lugos.si\/darja\/\">Darja Fi\u0161er<\/a>\u00a0(UL FF)<\/li>\n<\/ul>\n<h3>Recenzentski odbor<\/h3>\n<ul>\n<li><a href=\"http:\/\/www.michael-beisswenger.de\">Michael Beisswenger<\/a> (TUD)<\/li>\n<li><a href=\"http:\/\/isjfr.zrc-sazu.si\/sl\/sodelavci\/helena-dobrovoljc-sl#v\">Helena Dobrovoljc<\/a>\u00a0(ZRC SAZU in FH UNG)<\/li>\n<li><a href=\"http:\/\/www.prevajalstvo.net\/ucitelj\/7\">Vojko Gorjanc<\/a>\u00a0(UL FF)<\/li>\n<li><a href=\"http:\/\/www.bbaw.de\/die-akademie\/mitarbeiter\/herold\">Axel Herold<\/a>\u00a0(BBAW)<\/li>\n<li><a href=\"http:\/\/www.simonkrek.si\/\">Simon Krek<\/a>\u00a0(IJS)<\/li>\n<li><a href=\"http:\/\/www.bbaw.de\/die-akademie\/mitarbeiter\/lemnitzer\">Lothar Lemnitzer<\/a> (BBAW)<\/li>\n<li><a href=\"https:\/\/www.ids-mannheim.de\/digspra\/personal\/luengen\/\">Harald L\u00fcngen<\/a> (IDS)<\/li>\n<li><a href=\"http:\/\/ailab.ijs.si\/dunja_mladenic\/\">Dunja Mladeni\u0107<\/a>\u00a0(IJS)<\/li>\n<li><a href=\"https:\/\/www.ff.uni-lj.si\/zaposleni\/marko-stabej\">Marko Stabej<\/a>\u00a0(UL FF)<\/li>\n<li><a href=\"http:\/\/www.eurac.edu\/en\/research\/autonomies\/commul\/staff\/pages\/staffdetails.aspx?persId=27143\">Egon W. Stemle<\/a> (EURAC)<\/li>\n<li><a href=\"https:\/\/www.fri.uni-lj.si\/sl\/o-fakulteti\/osebje\/marko-robnik-sikonja\">Marko Robnik \u0160ikonja<\/a>\u00a0(UL FRI)<\/li>\n<li><a href=\"http:\/\/ietk.feri.um.si\/institut\/zaposleni\/13\/Darinka_Verdonik\">Darinka Verdonik<\/a>\u00a0(UM FERI)<\/li>\n<li>Ciara R. Wigham\u00a0(ICAR)<\/li>\n<\/ul>\n<p>[themify_hr color=&#8221;dark-grey&#8221; width=&#8221;100%&#8221; border_width=&#8221;1px&#8221; ]<br \/>\n<a id=\"english\"><\/a><\/p>\n<h1 style=\"text-align: center;\">Call for papers for a special issue of the open-access journal<br \/>\n<a href=\"http:\/\/www.trojina.org\/slovenscina2.0\/en\/\">Sloven\u0161\u010dina 2.0<\/a><\/h1>\n<p style=\"text-align: center;\"><strong>&#8220;Resources, tools and methods for analysing computer-mediated communication&#8221;<\/strong><\/p>\n<p>You are kindly invited to submit your paper for a special issue of the open-access journal <a href=\"http:\/\/www.trojina.org\/slovenscina2.0\/en\/\">Sloven\u0161\u010dina 2.0<\/a> on resources, tools and methods for analysing computer-mediated communication\u00a0that will be published in\u00a0August 2016.\u00a0We welcome papers reporting on novel\u00a0and completed\u00a0research as well as survey papers, position papers, review papers and project reports.<\/p>\n<h2>Topics<\/h2>\n<ul>\n<li>construction and distribution\u00a0of CMC corpora<\/li>\n<li>tools and resources for processing of CMC<\/li>\n<li>corpus analyses of CMC<\/li>\n<li>comparisons of CMC with standard and\/or spoken\u00a0discourse<\/li>\n<li>sociolinguistic studies of CMC<\/li>\n<li>code-switching in CMC<\/li>\n<li>neologism and semantic shift detection in CMC<\/li>\n<li>offensive language in CMC<\/li>\n<\/ul>\n<p>We welcome manuscripts\u00a0written in English and Slovene. Please follow <a href=\"http:\/\/www.trojina.org\/slovenscina2.0\/en\/oddaja-prispevkov\/\">the instructions for manuscript submission<\/a>.<\/p>\n<h2>Important dates<\/h2>\n<ul>\n<li>31. 03. 2016 &#8211;\u00a0Submission of manuscripts<\/li>\n<li>31. 05. 2016 &#8211;\u00a0Notification of acceptance\/rejection<\/li>\n<li>31. 06. 2016 &#8211;\u00a0Submission of final versions<\/li>\n<li>15. 07. 2016 &#8211;\u00a0Formatting of the special issue<\/li>\n<li>30. 07. 2016 &#8211;\u00a0Submission of proofs<\/li>\n<li>15. 08. 2016 &#8211;\u00a0Publication of the special issue<\/li>\n<\/ul>\n<h2>Editors-in-chief<\/h2>\n<ul>\n<li><a href=\"http:\/\/www.fdv.uni-lj.si\/obvestila-in-informacije\/imenik-sodelavcev\/pedagogi\/kartica\/natasa-logar\">Nata\u0161a Logar<\/a>\u00a0(UL FDV)<\/li>\n<li><a href=\"http:\/\/www.prevajalstvo.net\/ucitelj\/86\">Polona Gantar<\/a>\u00a0(UL FF)<\/li>\n<\/ul>\n<h2>Guest editor<\/h2>\n<ul>\n<li><a href=\"http:\/\/lojze.lugos.si\/darja\/\">Darja Fi\u0161er<\/a>\u00a0(UL FF)<\/li>\n<\/ul>\n<h2>Reviewers<\/h2>\n<ul>\n<li><a href=\"http:\/\/www.michael-beisswenger.de\">Michael Beisswenger<\/a>\u00a0(TUD)<\/li>\n<li><a href=\"http:\/\/isjfr.zrc-sazu.si\/sl\/sodelavci\/helena-dobrovoljc-sl#v\">Helena Dobrovoljc<\/a>\u00a0(ZRC SAZU and FH UNG)<\/li>\n<li><a href=\"http:\/\/www.prevajalstvo.net\/ucitelj\/7\">Vojko Gorjanc<\/a>\u00a0(UL FF)<\/li>\n<li><a href=\"http:\/\/www.bbaw.de\/die-akademie\/mitarbeiter\/herold\">Axel Herold<\/a> (BBAW)<\/li>\n<li><a href=\"http:\/\/www.simonkrek.si\/\">Simon Krek<\/a>\u00a0(IJS)<\/li>\n<li><a href=\"http:\/\/www.bbaw.de\/die-akademie\/mitarbeiter\/lemnitzer\">Lothar Lemnitzer<\/a>\u00a0(BBAW)<\/li>\n<li><a href=\"https:\/\/www.ids-mannheim.de\/digspra\/personal\/luengen\/\">Harald L\u00fcngen<\/a>\u00a0(IDS)<\/li>\n<li><a href=\"http:\/\/ailab.ijs.si\/dunja_mladenic\/\">Dunja Mladeni\u0107<\/a>\u00a0(IJS)<\/li>\n<li><a href=\"https:\/\/www.ff.uni-lj.si\/zaposleni\/marko-stabej\">Marko Stabej<\/a>\u00a0(UL FF)<\/li>\n<li><a href=\"http:\/\/www.eurac.edu\/en\/research\/autonomies\/commul\/staff\/pages\/staffdetails.aspx?persId=27143\">Egon W. Stemle<\/a>\u00a0(EURAC)<\/li>\n<li><a href=\"https:\/\/www.fri.uni-lj.si\/sl\/o-fakulteti\/osebje\/marko-robnik-sikonja\">Marko Robnik \u0160ikonja<\/a>\u00a0(UL FRI)<\/li>\n<li><a href=\"http:\/\/ietk.feri.um.si\/institut\/zaposleni\/13\/Darinka_Verdonik\">Darinka Verdonik<\/a>\u00a0(UM FERI)<\/li>\n<li>Ciara R. Wigham\u00a0(ICAR)<\/li>\n<\/ul>\n","protected":false},"excerpt":{"rendered":"<p>CFP in English Vabilo za prispevke za tematsko \u0161tevilko revije Sloven\u0161\u010dina 2.0 &#8220;Viri, orodja in metode za prou\u010devanje ra\u010dunalni\u0161ko posredovane komunikacije&#8221; Vabimo vas k oddaji prispevkov za tematsko \u0161tevilko revije Sloven\u0161\u010dina 2.0 z naslovom\u00a0\u00bbViri, orodja in metode za prou\u010devanje ra\u010dunalni\u0161ko posredovane komunikacije\u00ab, ki bo iz\u0161la avgusta 2016. Prispevki naj\u00a0predstavljajo nove in zaklju\u010dene raziskave o gradnji [&hellip;]<\/p>\n","protected":false},"author":2,"featured_media":0,"parent":22,"menu_order":0,"comment_status":"closed","ping_status":"closed","template":"","meta":{"footnotes":""},"class_list":["post-4048","page","type-page","status-publish","hentry","has-post-title","has-post-date","has-post-category","has-post-tag","has-post-comment","has-post-author",""],"builder_content":"","_links":{"self":[{"href":"https:\/\/nl.ijs.si\/janes\/wp-json\/wp\/v2\/pages\/4048","targetHints":{"allow":["GET"]}}],"collection":[{"href":"https:\/\/nl.ijs.si\/janes\/wp-json\/wp\/v2\/pages"}],"about":[{"href":"https:\/\/nl.ijs.si\/janes\/wp-json\/wp\/v2\/types\/page"}],"author":[{"embeddable":true,"href":"https:\/\/nl.ijs.si\/janes\/wp-json\/wp\/v2\/users\/2"}],"replies":[{"embeddable":true,"href":"https:\/\/nl.ijs.si\/janes\/wp-json\/wp\/v2\/comments?post=4048"}],"version-history":[{"count":33,"href":"https:\/\/nl.ijs.si\/janes\/wp-json\/wp\/v2\/pages\/4048\/revisions"}],"predecessor-version":[{"id":6214,"href":"https:\/\/nl.ijs.si\/janes\/wp-json\/wp\/v2\/pages\/4048\/revisions\/6214"}],"up":[{"embeddable":true,"href":"https:\/\/nl.ijs.si\/janes\/wp-json\/wp\/v2\/pages\/22"}],"wp:attachment":[{"href":"https:\/\/nl.ijs.si\/janes\/wp-json\/wp\/v2\/media?parent=4048"}],"curies":[{"name":"wp","href":"https:\/\/api.w.org\/{rel}","templated":true}]}}