{"id":3940,"date":"2015-11-23T22:18:20","date_gmt":"2015-11-23T21:18:20","guid":{"rendered":"http:\/\/nl.ijs.si\/janes\/?page_id=3940"},"modified":"2016-02-04T18:19:53","modified_gmt":"2016-02-04T17:19:53","slug":"zbornik-konference-2015","status":"publish","type":"page","link":"https:\/\/nl.ijs.si\/janes\/publikacije\/zbornik-konference-2015\/","title":{"rendered":"Zbornik konference 2015"},"content":{"rendered":"<h1 style=\"text-align: center;\">Zbornik konference<\/h1>\n<p style=\"text-align: center;\"><strong>&#8220;Sloven\u0161\u010dina na spletu in v novih medijih&#8221;<\/strong><\/p>\n<p style=\"text-align: center;\">Ljubljana, 25.\u201327. november 2015<\/p>\n<p style=\"text-align: center;\">Uredila Darja Fi\u0161er<br \/>\nZalo\u017eila Znanstvena zalo\u017eba Filozofske fakultete<\/p>\n<h3><\/h3>\n<p><strong>[themify_col grid=&#8221;4-3 first&#8221;]Celoten zbornik[\/themify_col][themify_col grid=&#8221;4-1&#8243;]<\/strong><a href=\"http:\/\/nl.ijs.si\/janes\/wp-content\/uploads\/2015\/11\/Konferenca2015.pdf\">PDF<\/a>\u00a0[\/themify_col]<\/p>\n<p>[themify_hr color=&#8221;light-gray&#8221; width=&#8221;100%&#8221; border_width=&#8221;1px&#8221; ]<\/p>\n<p><strong>[themify_col grid=&#8221;4-3 first&#8221;]CIP[\/themify_col][themify_col grid=&#8221;4-1&#8243;]<\/strong><a href=\"http:\/\/nl.ijs.si\/janes\/wp-content\/uploads\/2015\/11\/JANES15_CIP.pdf\">PDF<\/a>\u00a0[\/themify_col]<\/p>\n<p><strong>[themify_col grid=&#8221;4-3 first&#8221;]Predgovor[\/themify_col][themify_col grid=&#8221;4-1&#8243;]<\/strong><a href=\"http:\/\/nl.ijs.si\/janes\/wp-content\/uploads\/2015\/11\/JANES15-Predgovor.pdf\">PDF<\/a>\u00a0[\/themify_col]<\/p>\n<p><strong>[themify_col grid=&#8221;4-3 first&#8221;]Prednje strani[\/themify_col][themify_col grid=&#8221;4-1&#8243;]<\/strong><a href=\"http:\/\/nl.ijs.si\/janes\/wp-content\/uploads\/2015\/11\/JANES15-Prednje-strani.pdf\">PDF<\/a>\u00a0[\/themify_col]<\/p>\n<p>[themify_hr color=&#8221;light-gray&#8221; width=&#8221;100%&#8221; border_width=&#8221;1px&#8221; ]<\/p>\n<h3>Vabljeni predavanji<\/h3>\n<p>[themify_col grid=&#8221;4-3 first&#8221;]<strong>Linguistic annotation of social media corpora: To what extent do we have to adapt existing encoding standards and tag sets?<\/strong> | Michael Bei\u00dfwenger[\/themify_col][themify_col grid=&#8221;4-1&#8243;]<a href=\"http:\/\/nl.ijs.si\/janes\/wp-content\/uploads\/2015\/11\/JANES15-Vabljeno1.pdf\">PDF<\/a>[\/themify_col]<\/p>\n<p>[themify_col grid=&#8221;4-3 first&#8221;]<strong>Beyond example extraction: Quantitative analysis of the Janes corpus<\/strong> | Maja Mili\u010devi\u0107[\/themify_col][themify_col grid=&#8221;4-1&#8243;]<a href=\"http:\/\/nl.ijs.si\/janes\/wp-content\/uploads\/2015\/11\/JANES15-Vabljeno2.pdf\">PDF<\/a>[\/themify_col]<\/p>\n<p>[themify_hr color=&#8221;light-gray&#8221; width=&#8221;100%&#8221; border_width=&#8221;1px&#8221; ]<\/p>\n<p>[themify_col grid=&#8221;4-3 first&#8221;]<\/p>\n<h3>Redni prispevki[\/themify_col]<\/h3>\n<p>[themify_col grid=&#8221;4-3 first&#8221;]<strong>Zveze samostalnika z nesklonljivim levim prilastkom v korpusih Janes in Kres<\/strong> | \u0160pela Arhar Holdt,\u00a0Kaja Dobrovoljc [\/themify_col][themify_col grid=&#8221;4-1&#8243;]<a href=\"http:\/\/nl.ijs.si\/janes\/wp-content\/uploads\/2015\/11\/JANES15-01-Zveze-samostalnika.pdf\">PDF<\/a>[\/themify_col]<\/p>\n<p>[themify_col grid=&#8221;4-3 first&#8221;]<strong>\u00bbS kje pa si?\u00ab \u2013 Metapodatki o regionalni pripadnosti\u00a0 uporabnikov dru\u017ebenega omre\u017eja Twitter<\/strong> | Jaka\u00a0\u010cibej, Nikola Ljube\u0161i\u0107[\/themify_col][themify_col grid=&#8221;4-1&#8243;]<a href=\"http:\/\/nl.ijs.si\/janes\/wp-content\/uploads\/2015\/11\/JANES15-02-S-kje-pa-si.pdf\">PDF<\/a>[\/themify_col]<\/p>\n<p>[themify_col grid=&#8221;4-3 first&#8221;]<strong>Kaj nam o sloven\u0161\u010dini lahko pove kolaborativni spletni slovar?<\/strong> | Kaja Dolar[\/themify_col][themify_col grid=&#8221;4-1&#8243;]<a href=\"http:\/\/nl.ijs.si\/janes\/wp-content\/uploads\/2015\/11\/JANES15-03-Kolaborativni-slovar.pdf\">PDF<\/a>[\/themify_col]<\/p>\n<p>[themify_col grid=&#8221;4-3 first&#8221;]<strong>Razvoj korpusa slovenskih spletnih uporabni\u0161kih vsebin Janes<\/strong> | Toma\u017e Erjavec, Darja Fi\u0161er, Nikola\u00a0Ljube\u0161i\u0107[\/themify_col][themify_col grid=&#8221;4-1&#8243;]<a href=\"http:\/\/nl.ijs.si\/janes\/wp-content\/uploads\/2015\/11\/JANES15-04-Razvoj-korpusa.pdf\">PDF<\/a>[\/themify_col]<\/p>\n<p>[themify_col grid=&#8221;4-3 first&#8221;]<strong>Velika in mala dilema pri imenih industrijskih izdelkov in znamk pri uradnih in zasebnih ra\u010dunih na\u00a0dru\u017ebenem omre\u017eju Twitter<\/strong> | Teja Goli, Damjan Popi\u010d, Darja Fi\u0161er[\/themify_col][themify_col grid=&#8221;4-1&#8243;]<a href=\"http:\/\/nl.ijs.si\/janes\/wp-content\/uploads\/2015\/11\/JANES15-05-Velika-in-mala-dilema.pdf\">PDF<\/a>[\/themify_col]<\/p>\n<p>[themify_col grid=&#8221;4-3 first&#8221;]<strong>Rana ura, slovenskih fantov grob: analiza frazeolo\u0161kih prenovitev v spletni sloven\u0161\u010dini<\/strong> | Martin Justin, Nejc Hirci, Polona Gantar[\/themify_col][themify_col grid=&#8221;4-1&#8243;]<a href=\"http:\/\/nl.ijs.si\/janes\/wp-content\/uploads\/2015\/11\/JANES15-06-Rana-ura.pdf\">PDF<\/a>[\/themify_col]<\/p>\n<p>[themify_col grid=&#8221;4-3 first&#8221;]<strong>Postavljanje vejic v sloven\u0161\u010dini s pomo\u010djo strojnega u\u010denja in izbolj\u0161anega korpusa \u0160olar<\/strong> | Anja Krajnc,\u00a0Marko Robnik \u0160ikonja[\/themify_col][themify_col grid=&#8221;4-1&#8243;]<a href=\"http:\/\/nl.ijs.si\/janes\/wp-content\/uploads\/2015\/11\/JANES15-07-Postavljanje-vejic.pdf\">PDF<\/a>[\/themify_col]<\/p>\n<p>[themify_col grid=&#8221;4-3 first&#8221;]<strong>Leksika na spletu (in kje jo iskati)<\/strong> | Mija Michelizza[\/themify_col][themify_col grid=&#8221;4-1&#8243;]<a href=\"http:\/\/nl.ijs.si\/janes\/wp-content\/uploads\/2015\/11\/JANES15-08-Leksika.pdf\">PDF<\/a>[\/themify_col]<\/p>\n<p>[themify_col grid=&#8221;4-3 first&#8221;]<strong>Primerjava rabe ekspresivnih lo\u010dil v tvitih slovenskih uporabnikov in uporabnic<\/strong> | Eneja Osrajnik, Darja Fi\u0161er, Damjan Popi\u010d[\/themify_col][themify_col grid=&#8221;4-1&#8243;]<a href=\"http:\/\/nl.ijs.si\/janes\/wp-content\/uploads\/2015\/11\/JANES15-09-Primerjava-rabe.pdf\">PDF<\/a>[\/themify_col]<\/p>\n<p>[themify_col grid=&#8221;4-3 first&#8221;]<strong>Identifikacija spletno specifi\u010dnih kolokacij pogostega besedi\u0161\u010da<\/strong> | Senja Pollak[\/themify_col][themify_col grid=&#8221;4-1&#8243;]<a href=\"http:\/\/nl.ijs.si\/janes\/wp-content\/uploads\/2015\/11\/JANES15-010-Kolokacije.pdf\">PDF<\/a>[\/themify_col]<\/p>\n<p>[themify_col grid=&#8221;4-3 first&#8221;]<strong>Sloven\u0161\u010dina pod palcem interneta: vezajne in dvoza\u010detni\u0161ke e-tvorjenke<\/strong> | Teja Rebernik[\/themify_col][themify_col grid=&#8221;4-1&#8243;]<a href=\"http:\/\/nl.ijs.si\/janes\/wp-content\/uploads\/2015\/11\/JANES15-011-Slovenscina-pod-palcem.pdf\">PDF<\/a>[\/themify_col]<\/p>\n<p>[themify_col grid=&#8221;4-3 first&#8221;]<strong>Terminologija v spletnih forumih<\/strong> | \u0160pela Vintar[\/themify_col][themify_col grid=&#8221;4-1&#8243;]<a href=\"http:\/\/nl.ijs.si\/janes\/wp-content\/uploads\/2015\/11\/JANES15-012-Terminologija-forumi.pdf\">PDF<\/a>[\/themify_col]<\/p>\n<p>[themify_col grid=&#8221;4-3 first&#8221;]<strong>Prava frekvenca \u2013\u00a0 analiza \u017ealjivega govora v spletnih komentarjih<\/strong> | Ur\u0161ka Vranjek O\u0161lak, Ajda Centa[\/themify_col][themify_col grid=&#8221;4-1&#8243;]<a href=\"http:\/\/nl.ijs.si\/janes\/wp-content\/uploads\/2015\/11\/JANES15-013-Prava-frekvenca.pdf\">PDF<\/a>[\/themify_col]<\/p>\n<p>[themify_col grid=&#8221;4-3 first&#8221;]<strong>Arheologija za\u010detnice pri stvarnih lastnih imenih<\/strong> | Iza \u0160krjanec, Damjan Popi\u010d, Darja Fi\u0161er[\/themify_col][themify_col grid=&#8221;4-1&#8243;]<a href=\"http:\/\/nl.ijs.si\/janes\/wp-content\/uploads\/2015\/11\/JANES15-014-Arheologija.pdf\">PDF<\/a>[\/themify_col]<\/p>\n<p>[themify_col grid=&#8221;4-3 first&#8221;]<strong>Elementi interakcije v govorjenih in spletnih besedilih<\/strong> | Ana Zwitter Vitez, Darja Fi\u0161er[\/themify_col][themify_col grid=&#8221;4-1&#8243;]<a href=\"http:\/\/nl.ijs.si\/janes\/wp-content\/uploads\/2015\/11\/JANES15-015-Elementi-interakcije.pdf\">PDF<\/a>[\/themify_col]<\/p>\n","protected":false},"excerpt":{"rendered":"<p>Zbornik konference &#8220;Sloven\u0161\u010dina na spletu in v novih medijih&#8221; Ljubljana, 25.\u201327. november 2015 Uredila Darja Fi\u0161er Zalo\u017eila Znanstvena zalo\u017eba Filozofske fakultete [themify_col grid=&#8221;4-3 first&#8221;]Celoten zbornik[\/themify_col][themify_col grid=&#8221;4-1&#8243;]PDF\u00a0[\/themify_col] [themify_hr color=&#8221;light-gray&#8221; width=&#8221;100%&#8221; border_width=&#8221;1px&#8221; ] [themify_col grid=&#8221;4-3 first&#8221;]CIP[\/themify_col][themify_col grid=&#8221;4-1&#8243;]PDF\u00a0[\/themify_col] [themify_col grid=&#8221;4-3 first&#8221;]Predgovor[\/themify_col][themify_col grid=&#8221;4-1&#8243;]PDF\u00a0[\/themify_col] [themify_col grid=&#8221;4-3 first&#8221;]Prednje strani[\/themify_col][themify_col grid=&#8221;4-1&#8243;]PDF\u00a0[\/themify_col] [themify_hr color=&#8221;light-gray&#8221; width=&#8221;100%&#8221; border_width=&#8221;1px&#8221; ] Vabljeni predavanji [themify_col grid=&#8221;4-3 first&#8221;]Linguistic annotation [&hellip;]<\/p>\n","protected":false},"author":20,"featured_media":0,"parent":22,"menu_order":0,"comment_status":"closed","ping_status":"closed","template":"","meta":{"footnotes":""},"class_list":["post-3940","page","type-page","status-publish","hentry","has-post-title","has-post-date","has-post-category","has-post-tag","has-post-comment","has-post-author",""],"builder_content":"","_links":{"self":[{"href":"https:\/\/nl.ijs.si\/janes\/wp-json\/wp\/v2\/pages\/3940","targetHints":{"allow":["GET"]}}],"collection":[{"href":"https:\/\/nl.ijs.si\/janes\/wp-json\/wp\/v2\/pages"}],"about":[{"href":"https:\/\/nl.ijs.si\/janes\/wp-json\/wp\/v2\/types\/page"}],"author":[{"embeddable":true,"href":"https:\/\/nl.ijs.si\/janes\/wp-json\/wp\/v2\/users\/20"}],"replies":[{"embeddable":true,"href":"https:\/\/nl.ijs.si\/janes\/wp-json\/wp\/v2\/comments?post=3940"}],"version-history":[{"count":45,"href":"https:\/\/nl.ijs.si\/janes\/wp-json\/wp\/v2\/pages\/3940\/revisions"}],"predecessor-version":[{"id":4541,"href":"https:\/\/nl.ijs.si\/janes\/wp-json\/wp\/v2\/pages\/3940\/revisions\/4541"}],"up":[{"embeddable":true,"href":"https:\/\/nl.ijs.si\/janes\/wp-json\/wp\/v2\/pages\/22"}],"wp:attachment":[{"href":"https:\/\/nl.ijs.si\/janes\/wp-json\/wp\/v2\/media?parent=3940"}],"curies":[{"name":"wp","href":"https:\/\/api.w.org\/{rel}","templated":true}]}}

<h1 style="text-align: center;">Zbornik konference</h1>
<p style="text-align: center;"><strong>&#8220;Slovenščina na spletu in v novih medijih&#8221;</strong></p>
<p style="text-align: center;">Ljubljana, 25.–27. november 2015</p>
<p style="text-align: center;">Uredila Darja Fišer<br />
Založila Znanstvena založba Filozofske fakultete</p>
<h3></h3>
<p><strong>[themify_col grid=&#8221;4-3 first&#8221;]Celoten zbornik[/themify_col][themify_col grid=&#8221;4-1&#8243;]</strong><a href="http://nl.ijs.si/janes/wp-content/uploads/2015/11/Konferenca2015.pdf">PDF</a> [/themify_col]</p>
<p>[themify_hr color=&#8221;light-gray&#8221; width=&#8221;100%&#8221; border_width=&#8221;1px&#8221; ]</p>
<p><strong>[themify_col grid=&#8221;4-3 first&#8221;]CIP[/themify_col][themify_col grid=&#8221;4-1&#8243;]</strong><a href="http://nl.ijs.si/janes/wp-content/uploads/2015/11/JANES15_CIP.pdf">PDF</a> [/themify_col]</p>
<p><strong>[themify_col grid=&#8221;4-3 first&#8221;]Predgovor[/themify_col][themify_col grid=&#8221;4-1&#8243;]</strong><a href="http://nl.ijs.si/janes/wp-content/uploads/2015/11/JANES15-Predgovor.pdf">PDF</a> [/themify_col]</p>
<p><strong>[themify_col grid=&#8221;4-3 first&#8221;]Prednje strani[/themify_col][themify_col grid=&#8221;4-1&#8243;]</strong><a href="http://nl.ijs.si/janes/wp-content/uploads/2015/11/JANES15-Prednje-strani.pdf">PDF</a> [/themify_col]</p>
<p>[themify_hr color=&#8221;light-gray&#8221; width=&#8221;100%&#8221; border_width=&#8221;1px&#8221; ]</p>
<h3>Vabljeni predavanji</h3>
<p>[themify_col grid=&#8221;4-3 first&#8221;]<strong>Linguistic annotation of social media corpora: To what extent do we have to adapt existing encoding standards and tag sets?</strong> | Michael Beißwenger[/themify_col][themify_col grid=&#8221;4-1&#8243;]<a href="http://nl.ijs.si/janes/wp-content/uploads/2015/11/JANES15-Vabljeno1.pdf">PDF</a>[/themify_col]</p>
<p>[themify_col grid=&#8221;4-3 first&#8221;]<strong>Beyond example extraction: Quantitative analysis of the Janes corpus</strong> | Maja Miličević[/themify_col][themify_col grid=&#8221;4-1&#8243;]<a href="http://nl.ijs.si/janes/wp-content/uploads/2015/11/JANES15-Vabljeno2.pdf">PDF</a>[/themify_col]</p>
<p>[themify_hr color=&#8221;light-gray&#8221; width=&#8221;100%&#8221; border_width=&#8221;1px&#8221; ]</p>
<p>[themify_col grid=&#8221;4-3 first&#8221;]</p>
<h3>Redni prispevki[/themify_col]</h3>
<p>[themify_col grid=&#8221;4-3 first&#8221;]<strong>Zveze samostalnika z nesklonljivim levim prilastkom v korpusih Janes in Kres</strong> | Špela Arhar Holdt, Kaja Dobrovoljc [/themify_col][themify_col grid=&#8221;4-1&#8243;]<a href="http://nl.ijs.si/janes/wp-content/uploads/2015/11/JANES15-01-Zveze-samostalnika.pdf">PDF</a>[/themify_col]</p>
<p>[themify_col grid=&#8221;4-3 first&#8221;]<strong>»S kje pa si?« – Metapodatki o regionalni pripadnosti  uporabnikov družbenega omrežja Twitter</strong> | Jaka Čibej, Nikola Ljubešić[/themify_col][themify_col grid=&#8221;4-1&#8243;]<a href="http://nl.ijs.si/janes/wp-content/uploads/2015/11/JANES15-02-S-kje-pa-si.pdf">PDF</a>[/themify_col]</p>
<p>[themify_col grid=&#8221;4-3 first&#8221;]<strong>Kaj nam o slovenščini lahko pove kolaborativni spletni slovar?</strong> | Kaja Dolar[/themify_col][themify_col grid=&#8221;4-1&#8243;]<a href="http://nl.ijs.si/janes/wp-content/uploads/2015/11/JANES15-03-Kolaborativni-slovar.pdf">PDF</a>[/themify_col]</p>
<p>[themify_col grid=&#8221;4-3 first&#8221;]<strong>Razvoj korpusa slovenskih spletnih uporabniških vsebin Janes</strong> | Tomaž Erjavec, Darja Fišer, Nikola Ljubešić[/themify_col][themify_col grid=&#8221;4-1&#8243;]<a href="http://nl.ijs.si/janes/wp-content/uploads/2015/11/JANES15-04-Razvoj-korpusa.pdf">PDF</a>[/themify_col]</p>
<p>[themify_col grid=&#8221;4-3 first&#8221;]<strong>Velika in mala dilema pri imenih industrijskih izdelkov in znamk pri uradnih in zasebnih računih na družbenem omrežju Twitter</strong> | Teja Goli, Damjan Popič, Darja Fišer[/themify_col][themify_col grid=&#8221;4-1&#8243;]<a href="http://nl.ijs.si/janes/wp-content/uploads/2015/11/JANES15-05-Velika-in-mala-dilema.pdf">PDF</a>[/themify_col]</p>
<p>[themify_col grid=&#8221;4-3 first&#8221;]<strong>Rana ura, slovenskih fantov grob: analiza frazeoloških prenovitev v spletni slovenščini</strong> | Martin Justin, Nejc Hirci, Polona Gantar[/themify_col][themify_col grid=&#8221;4-1&#8243;]<a href="http://nl.ijs.si/janes/wp-content/uploads/2015/11/JANES15-06-Rana-ura.pdf">PDF</a>[/themify_col]</p>
<p>[themify_col grid=&#8221;4-3 first&#8221;]<strong>Postavljanje vejic v slovenščini s pomočjo strojnega učenja in izboljšanega korpusa Šolar</strong> | Anja Krajnc, Marko Robnik Šikonja[/themify_col][themify_col grid=&#8221;4-1&#8243;]<a href="http://nl.ijs.si/janes/wp-content/uploads/2015/11/JANES15-07-Postavljanje-vejic.pdf">PDF</a>[/themify_col]</p>
<p>[themify_col grid=&#8221;4-3 first&#8221;]<strong>Leksika na spletu (in kje jo iskati)</strong> | Mija Michelizza[/themify_col][themify_col grid=&#8221;4-1&#8243;]<a href="http://nl.ijs.si/janes/wp-content/uploads/2015/11/JANES15-08-Leksika.pdf">PDF</a>[/themify_col]</p>
<p>[themify_col grid=&#8221;4-3 first&#8221;]<strong>Primerjava rabe ekspresivnih ločil v tvitih slovenskih uporabnikov in uporabnic</strong> | Eneja Osrajnik, Darja Fišer, Damjan Popič[/themify_col][themify_col grid=&#8221;4-1&#8243;]<a href="http://nl.ijs.si/janes/wp-content/uploads/2015/11/JANES15-09-Primerjava-rabe.pdf">PDF</a>[/themify_col]</p>
<p>[themify_col grid=&#8221;4-3 first&#8221;]<strong>Identifikacija spletno specifičnih kolokacij pogostega besedišča</strong> | Senja Pollak[/themify_col][themify_col grid=&#8221;4-1&#8243;]<a href="http://nl.ijs.si/janes/wp-content/uploads/2015/11/JANES15-010-Kolokacije.pdf">PDF</a>[/themify_col]</p>
<p>[themify_col grid=&#8221;4-3 first&#8221;]<strong>Slovenščina pod palcem interneta: vezajne in dvozačetniške e-tvorjenke</strong> | Teja Rebernik[/themify_col][themify_col grid=&#8221;4-1&#8243;]<a href="http://nl.ijs.si/janes/wp-content/uploads/2015/11/JANES15-011-Slovenscina-pod-palcem.pdf">PDF</a>[/themify_col]</p>
<p>[themify_col grid=&#8221;4-3 first&#8221;]<strong>Terminologija v spletnih forumih</strong> | Špela Vintar[/themify_col][themify_col grid=&#8221;4-1&#8243;]<a href="http://nl.ijs.si/janes/wp-content/uploads/2015/11/JANES15-012-Terminologija-forumi.pdf">PDF</a>[/themify_col]</p>
<p>[themify_col grid=&#8221;4-3 first&#8221;]<strong>Prava frekvenca –  analiza žaljivega govora v spletnih komentarjih</strong> | Urška Vranjek Ošlak, Ajda Centa[/themify_col][themify_col grid=&#8221;4-1&#8243;]<a href="http://nl.ijs.si/janes/wp-content/uploads/2015/11/JANES15-013-Prava-frekvenca.pdf">PDF</a>[/themify_col]</p>
<p>[themify_col grid=&#8221;4-3 first&#8221;]<strong>Arheologija začetnice pri stvarnih lastnih imenih</strong> | Iza Škrjanec, Damjan Popič, Darja Fišer[/themify_col][themify_col grid=&#8221;4-1&#8243;]<a href="http://nl.ijs.si/janes/wp-content/uploads/2015/11/JANES15-014-Arheologija.pdf">PDF</a>[/themify_col]</p>
<p>[themify_col grid=&#8221;4-3 first&#8221;]<strong>Elementi interakcije v govorjenih in spletnih besedilih</strong> | Ana Zwitter Vitez, Darja Fišer[/themify_col][themify_col grid=&#8221;4-1&#8243;]<a href="http://nl.ijs.si/janes/wp-content/uploads/2015/11/JANES15-015-Elementi-interakcije.pdf">PDF</a>[/themify_col]</p>

<p>Zbornik konference &#8220;Slovenščina na spletu in v novih medijih&#8221; Ljubljana, 25.–27. november 2015 Uredila Darja Fišer Založila Znanstvena založba Filozofske fakultete [themify_col grid=&#8221;4-3 first&#8221;]Celoten zbornik[/themify_col][themify_col grid=&#8221;4-1&#8243;]PDF [/themify_col] [themify_hr color=&#8221;light-gray&#8221; width=&#8221;100%&#8221; border_width=&#8221;1px&#8221; ] [themify_col grid=&#8221;4-3 first&#8221;]CIP[/themify_col][themify_col grid=&#8221;4-1&#8243;]PDF [/themify_col] [themify_col grid=&#8221;4-3 first&#8221;]Predgovor[/themify_col][themify_col grid=&#8221;4-1&#8243;]PDF [/themify_col] [themify_col grid=&#8221;4-3 first&#8221;]Prednje strani[/themify_col][themify_col grid=&#8221;4-1&#8243;]PDF [/themify_col] [themify_hr color=&#8221;light-gray&#8221; width=&#8221;100%&#8221; border_width=&#8221;1px&#8221; ] Vabljeni predavanji [themify_col grid=&#8221;4-3 first&#8221;]Linguistic annotation [&hellip;]</p>
