{"id":3754,"date":"2015-10-19T14:03:58","date_gmt":"2015-10-19T12:03:58","guid":{"rendered":"http:\/\/nl.ijs.si\/janes\/?page_id=3754"},"modified":"2021-05-28T11:24:43","modified_gmt":"2021-05-28T09:24:43","slug":"janes-ekspres","status":"publish","type":"page","link":"https:\/\/nl.ijs.si\/janes\/dogodki\/janes-ekspres\/","title":{"rendered":"JANES Ekspres"},"content":{"rendered":"<h1 style=\"text-align: center;\"><span style=\"color: #333333;\">JANES Ekspres<\/span><\/h1>\n<h2 style=\"text-align: center;\"><span style=\"color: #333333;\">December 2015<br \/>\n<a href=\"#lj\">Ljubljana<\/a> \u2013 <a href=\"#zg\">Zagreb<\/a> \u2013\u00a0<a href=\"#bg\">Beograd<\/a><\/span><\/h2>\n<p id=\"lj\" style=\"text-align: center;\"><strong><a href=\"#fotke\">Utrinki<\/a><\/strong><\/p>\n<p style=\"text-align: justify;\">JANES Ekspres v okviru razpisa za promocijo slovenske znanosti v tujini\u00a0sofinancira Javna agencija za raziskovalno dejavnost republike Slovenija\u00a0(ARRS). Cilj projekta je skozi predavanja in delavnice predstaviti gradnjo, ozna\u010devanje in analizo korpusa spletne sloven\u0161\u010dine\u00a0JANES\u00a0raziskovalcem in \u0161tudentom\u00a0na Hrva\u0161kem in v Srbiji.<\/p>\n<h3><span style=\"color: #333333;\">Institut &#8220;Jo\u017eef Stefan&#8221; , Ljubljana, 13.\u201314. november 2015<\/span><\/h3>\n<p><span style=\"color: #333333;\">[themify_box style=&#8221;shadow&#8221; ]<\/span><\/p>\n<h4><span style=\"color: #333333;\">Petek, 13. november<\/span><\/h4>\n<p>[themify_col grid=&#8221;4-1 first&#8221;]15.00\u201315.45[\/themify_col][themify_col grid=&#8221;3-2&#8243;]Predavanje:\u00a0\u00bb<strong><a href=\"http:\/\/nl.ijs.si\/janes\/wp-content\/uploads\/2015\/10\/Delavnica_WebAnno_13112015_d.pdf\">Ozna\u010devanje korpusov z orodjem WebAnno<\/a><\/strong>\u00ab (Kaja Dobrovoljc)[\/themify_col]<\/p>\n<p>[themify_col grid=&#8221;4-1 first&#8221;]15.45\u201316.30[\/themify_col][themify_col grid=&#8221;3-2&#8243;]Demo:\u00a0\u00bb<strong>Potek dela v\u00a0WebAnno<\/strong>\u00ab (Kaja Dobrovoljc)[\/themify_col]<\/p>\n<p>[themify_col grid=&#8221;4-1 first&#8221;]16.30\u201317.00[\/themify_col][themify_col grid=&#8221;3-2&#8243;]Odmor za kavo[\/themify_col]<\/p>\n<p>[themify_col grid=&#8221;4-1 first&#8221;]17.00\u201318.00[\/themify_col][themify_col grid=&#8221;3-2&#8243;]Tutorial: \u00bb<strong>Ozna\u010devanje v\u00a0WebAnno<\/strong>\u00ab\u00a0(Kaja Dobrovoljc)[\/themify_col]<\/p>\n<p>[\/themify_box]<\/p>\n<p><span style=\"color: #333333;\">[themify_box style=&#8221;shadow&#8221; ]<\/span><\/p>\n<h4><span style=\"color: #333333;\">Sobota, 14. november<\/span><\/h4>\n<p>[themify_col grid=&#8221;4-1 first&#8221;]10.00\u201310.30[\/themify_col][themify_col grid=&#8221;3-2&#8243;]<strong>Tehni\u010dni vidiki ozna\u010devanja nestandardnih jezikovnih prvin v\u00a0WebAnno<\/strong> (Toma\u017e Erjavec)[\/themify_col]<\/p>\n<p>[themify_col grid=&#8221;4-1 first&#8221;]10.30\u201311.00[\/themify_col][themify_col grid=&#8221;3-2&#8243;]<strong>Smernice za ozna\u010devanje nestandardnih jezikovnih prvin v korpusu JANES<\/strong>\u00a0(Jaka \u010cibej)[\/themify_col]<\/p>\n<p>[themify_col grid=&#8221;4-1 first&#8221;]11.00\u201311.30[\/themify_col][themify_col grid=&#8221;3-2&#8243;]<strong>Koordinacija ozna\u010devalcev<\/strong> (Darja Fi\u0161er)[\/themify_col]<\/p>\n<p>[themify_col grid=&#8221;4-1 first&#8221;]11.30\u201312.00[\/themify_col][themify_col grid=&#8221;3-2&#8243;]Odmor za kavo[\/themify_col]<\/p>\n<p>[themify_col grid=&#8221;4-1 first&#8221;]12.00\u201313.30[\/themify_col][themify_col grid=&#8221;3-2&#8243;]<strong>Ozna\u010devanje,\u00a01. del<\/strong>[\/themify_col]<\/p>\n<p>[themify_col grid=&#8221;4-1 first&#8221;]13.30\u201314.30[\/themify_col][themify_col grid=&#8221;3-2&#8243;]Kosilo[\/themify_col]<\/p>\n<p>[themify_col grid=&#8221;4-1 first&#8221;]14.30\u201316.00[\/themify_col][themify_col grid=&#8221;3-2&#8243;]<strong>Ozna\u010devanje, 2. del<\/strong>[\/themify_col]<\/p>\n<p>[themify_col grid=&#8221;4-1 first&#8221;]16.00\u201316.30[\/themify_col][themify_col grid=&#8221;3-2&#8243;]Odmor za kavo[\/themify_col]<\/p>\n<p>[themify_col grid=&#8221;4-1 first&#8221;]16.30\u201318.00[\/themify_col][themify_col grid=&#8221;3-2&#8243;]<strong>Ozna\u010devanje, 3. del<\/strong>[\/themify_col]<\/p>\n<p>[themify_col grid=&#8221;4-1 first&#8221;]20.00\u201323.00[\/themify_col][themify_col grid=&#8221;3-2&#8243;]Ve\u010derja[\/themify_col]<\/p>\n<p>[\/themify_box]<\/p>\n<h3 id=\"zg\"><span style=\"color: #333333;\"><b>Filozofska fakulteta,\u00a0<\/b>Zagreb, 4. december 2015<\/span><\/h3>\n<p><span style=\"color: #333333;\">[themify_box style=&#8221;shadow&#8221; ]<\/span><\/p>\n<p>[themify_col grid=&#8221;4-1 first&#8221;]09.00\u201310.30[\/themify_col][themify_col grid=&#8221;3-2&#8243;]Lektorat za \u0161tudente slovenistike, skupina 1: \u00bb<strong><a href=\"http:\/\/nl.ijs.si\/janes\/wp-content\/uploads\/2015\/10\/ekspres-viri-zg.pdf\">Jezikovni viri in orodja za sloven\u0161\u010dino<\/a>\u00ab<\/strong>\u00a0(Jaka \u010cibej)[\/themify_col]<\/p>\n<p>[themify_col grid=&#8221;4-1 first&#8221;]10.30\u201311.00[\/themify_col][themify_col grid=&#8221;3-2&#8243;]Odmor za kavo[\/themify_col]<\/p>\n<p>[themify_col grid=&#8221;4-1 first&#8221;]11.00\u201312.30[\/themify_col][themify_col grid=&#8221;3-2&#8243;]Lektorat za \u0161tudente slovenistike, skupina 2: \u00bb<strong><a href=\"http:\/\/nl.ijs.si\/janes\/wp-content\/uploads\/2015\/10\/ekspres-viri-zg.pdf\">Jezikovni viri in orodja za sloven\u0161\u010dino<\/a><\/strong>\u00ab (Jaka \u010cibej)[\/themify_col]<\/p>\n<p>[themify_col grid=&#8221;4-1 first&#8221;]12.30\u201313.30[\/themify_col][themify_col grid=&#8221;3-2&#8243;]Kosilo[\/themify_col]<\/p>\n<p>[themify_col grid=&#8221;4-1 first&#8221;]13.30\u201316.30[\/themify_col][themify_col grid=&#8221;3-2&#8243;]Delavnica za anotatorje Reldi:<br \/>\n\u00bb<strong><a href=\"http:\/\/nl.ijs.si\/janes\/wp-content\/uploads\/2015\/10\/Janes-ekspres-WebAnno-en.pdf\">Ozna\u010devanje hrva\u0161kih spletnih korpusov z orodjem WebAnno &#8211; tehni\u010dne smernice<\/a><\/strong>\u00ab (Toma\u017e Erjavec)<br \/>\n\u00bb<strong><a href=\"http:\/\/nl.ijs.si\/janes\/wp-content\/uploads\/2015\/10\/Smernicezahekaton-HR_SR-v02.pdf\">Ozna\u010devanje nestandardnih elementov v hrva\u0161kih\u00a0tvitih &#8211; lingvisti\u010dne smernice<\/a><\/strong>\u00ab (Nikola Ljube\u0161i\u0107) [\/themify_col]<\/p>\n<p>[themify_col grid=&#8221;4-1 first&#8221;]16.30\u201317.00[\/themify_col][themify_col grid=&#8221;3-2&#8243;]Odmor za kavo[\/themify_col]<\/p>\n<p>[themify_col grid=&#8221;4-1 first&#8221;]17.00\u201318.00[\/themify_col][themify_col grid=&#8221;3-2&#8243;]Predavanje za raziskovalce: \u00bb<strong><a href=\"http:\/\/nl.ijs.si\/janes\/wp-content\/uploads\/2015\/10\/ekspres-webanno.pdf\">Jezikoslovno ozna\u010devanje podatkov z orodjem WebAnno<\/a><\/strong>\u00ab (Darja Fi\u0161er)[\/themify_col]<\/p>\n<p>[themify_col grid=&#8221;4-1 first&#8221;]20.00\u201322.00[\/themify_col][themify_col grid=&#8221;3-2&#8243;]Ve\u010derja[\/themify_col]<\/p>\n<p>[\/themify_box]<\/p>\n<h3 id=\"bg\"><b>Filolo\u0161ka fakulteta,\u00a0Beograd<\/b>, 10. december 2015<\/h3>\n<p><span style=\"color: #333333;\">[themify_box style=&#8221;shadow&#8221; ]<\/span><\/p>\n<p>[themify_col grid=&#8221;4-1 first&#8221;]09.45\u201311.15[\/themify_col][themify_col grid=&#8221;3-2&#8243;]Lektorat za \u0161tudente slovenistike, skupina 1: \u00bb<strong><a href=\"http:\/\/nl.ijs.si\/janes\/wp-content\/uploads\/2015\/10\/ekspres-viri-bg.pdf\">Jezikovni viri in orodja za sloven\u0161\u010dino<\/a>\u00ab<\/strong>\u00a0(Jaka \u010cibej)[\/themify_col]<\/p>\n<p>[themify_col grid=&#8221;4-1 first&#8221;]11.15\u201311.30[\/themify_col][themify_col grid=&#8221;3-2&#8243;]Odmor za kavo[\/themify_col]<\/p>\n<p>[themify_col grid=&#8221;4-1 first&#8221;]11.30\u201313.00[\/themify_col][themify_col grid=&#8221;3-2&#8243;]Lektorat za \u0161tudente slovenistike, skupina 2: \u00bb<strong><a href=\"http:\/\/nl.ijs.si\/janes\/wp-content\/uploads\/2015\/10\/ekspres-viri-bg.pdf\">Jezikovni viri in orodja za sloven\u0161\u010dino<\/a>\u00ab<\/strong>\u00a0(Jaka \u010cibej)[\/themify_col]<\/p>\n<p>[themify_col grid=&#8221;4-1 first&#8221;]13.00\u201314.00[\/themify_col][themify_col grid=&#8221;3-2&#8243;]Kosilo[\/themify_col]<\/p>\n<p>[themify_col grid=&#8221;4-1 first&#8221;]14.00\u201317.00[\/themify_col][themify_col grid=&#8221;3-2&#8243;]\u00a0Delavnica za anotatorje Reldi:<br \/>\n\u00bb<strong><a href=\"http:\/\/nl.ijs.si\/janes\/wp-content\/uploads\/2015\/10\/Janes-ekspres-WebAnno-bg.pdf\">Ozna\u010devanje srbskih\u00a0spletnih korpusov z orodjem WebAnno &#8211; tehni\u010dne smernice<\/a><\/strong>\u00ab (Toma\u017e Erjavec)<br \/>\n\u00bb<strong><a href=\"http:\/\/nl.ijs.si\/janes\/wp-content\/uploads\/2015\/10\/Smernicezahekaton-HR_SR-v02.pdf\">Ozna\u010devanje nestandardnih elementov v srbskih tvitih &#8211; lingvisti\u010dne smernice<\/a><\/strong>\u00ab (Maja Mili\u010devi\u0107)[\/themify_col]<\/p>\n<p>[themify_col grid=&#8221;4-1 first&#8221;]17.00\u201317.30[\/themify_col][themify_col grid=&#8221;3-2&#8243;]Odmor za kavo[\/themify_col]<\/p>\n<p>[themify_col grid=&#8221;4-1 first&#8221;]17.30\u201318.30[\/themify_col][themify_col grid=&#8221;3-2&#8243;]Predavanje za raziskovalce: \u00bb<strong><a href=\"http:\/\/nl.ijs.si\/janes\/wp-content\/uploads\/2015\/10\/ekspres-webanno-bg.pdf\">Jezikoslovno ozna\u010devanje podatkov z orodjem WebAnno<\/a><\/strong>\u00ab (Darja Fi\u0161er)[\/themify_col]<\/p>\n<p>[themify_col grid=&#8221;4-1 first&#8221;]20.00\u201322.00[\/themify_col][themify_col grid=&#8221;3-2&#8243;]Ve\u010derja[\/themify_col]<\/p>\n<p>[\/themify_box]<\/p>\n<h2 id=\"fotke\">Utrinki<\/h2>\n<div id='gallery-1' class='gallery galleryid-3754 gallery-columns-4 gallery-size-thumbnail'><figure class='gallery-item'>\n\t\t\t<div class='gallery-icon landscape'>\n\t\t\t\t<a href='https:\/\/nl.ijs.si\/janes\/wp-content\/uploads\/2015\/10\/DSC01639.jpg'><img loading=\"lazy\" decoding=\"async\" width=\"150\" height=\"150\" src=\"https:\/\/nl.ijs.si\/janes\/wp-content\/uploads\/2015\/10\/DSC01639-150x150.jpg\" class=\"attachment-thumbnail size-thumbnail\" alt=\"\" aria-describedby=\"gallery-1-4268\" \/><\/a>\n\t\t\t<\/div>\n\t\t\t\t<figcaption class='wp-caption-text gallery-caption' id='gallery-1-4268'>\n\t\t\t\tProfesorski zbor v Zagrebu\n\t\t\t\t<\/figcaption><\/figure><figure class='gallery-item'>\n\t\t\t<div class='gallery-icon landscape'>\n\t\t\t\t<a href='https:\/\/nl.ijs.si\/janes\/wp-content\/uploads\/2015\/10\/DSC01657.jpg'><img loading=\"lazy\" decoding=\"async\" width=\"150\" height=\"150\" src=\"https:\/\/nl.ijs.si\/janes\/wp-content\/uploads\/2015\/10\/DSC01657-150x150.jpg\" class=\"attachment-thumbnail size-thumbnail\" alt=\"\" aria-describedby=\"gallery-1-4270\" \/><\/a>\n\t\t\t<\/div>\n\t\t\t\t<figcaption class='wp-caption-text gallery-caption' id='gallery-1-4270'>\n\t\t\t\tProfesorski zbor v Zagrebu\n\t\t\t\t<\/figcaption><\/figure><figure class='gallery-item'>\n\t\t\t<div class='gallery-icon landscape'>\n\t\t\t\t<a href='https:\/\/nl.ijs.si\/janes\/wp-content\/uploads\/2015\/10\/DSC01664.jpg'><img loading=\"lazy\" decoding=\"async\" width=\"150\" height=\"150\" src=\"https:\/\/nl.ijs.si\/janes\/wp-content\/uploads\/2015\/10\/DSC01664-150x150.jpg\" class=\"attachment-thumbnail size-thumbnail\" alt=\"\" aria-describedby=\"gallery-1-4272\" \/><\/a>\n\t\t\t<\/div>\n\t\t\t\t<figcaption class='wp-caption-text gallery-caption' id='gallery-1-4272'>\n\t\t\t\t1. skupina \u0161tudentov sloven\u0161\u010dine v Zagrebu\n\t\t\t\t<\/figcaption><\/figure><figure class='gallery-item'>\n\t\t\t<div class='gallery-icon landscape'>\n\t\t\t\t<a href='https:\/\/nl.ijs.si\/janes\/wp-content\/uploads\/2015\/10\/DSC01672.jpg'><img loading=\"lazy\" decoding=\"async\" width=\"150\" height=\"150\" src=\"https:\/\/nl.ijs.si\/janes\/wp-content\/uploads\/2015\/10\/DSC01672-150x150.jpg\" class=\"attachment-thumbnail size-thumbnail\" alt=\"\" aria-describedby=\"gallery-1-4273\" \/><\/a>\n\t\t\t<\/div>\n\t\t\t\t<figcaption class='wp-caption-text gallery-caption' id='gallery-1-4273'>\n\t\t\t\t2. skupina \u0161tudentov sloven\u0161\u010dine v Zagrebu\n\t\t\t\t<\/figcaption><\/figure><figure class='gallery-item'>\n\t\t\t<div class='gallery-icon landscape'>\n\t\t\t\t<a href='https:\/\/nl.ijs.si\/janes\/wp-content\/uploads\/2015\/10\/DSC01684.jpg'><img loading=\"lazy\" decoding=\"async\" width=\"150\" height=\"150\" src=\"https:\/\/nl.ijs.si\/janes\/wp-content\/uploads\/2015\/10\/DSC01684-150x150.jpg\" class=\"attachment-thumbnail size-thumbnail\" alt=\"\" aria-describedby=\"gallery-1-4274\" \/><\/a>\n\t\t\t<\/div>\n\t\t\t\t<figcaption class='wp-caption-text gallery-caption' id='gallery-1-4274'>\n\t\t\t\tToma\u017e Erjavec\n\t\t\t\t<\/figcaption><\/figure><figure class='gallery-item'>\n\t\t\t<div class='gallery-icon landscape'>\n\t\t\t\t<a href='https:\/\/nl.ijs.si\/janes\/wp-content\/uploads\/2015\/10\/DSC01693.jpg'><img loading=\"lazy\" decoding=\"async\" width=\"150\" height=\"150\" src=\"https:\/\/nl.ijs.si\/janes\/wp-content\/uploads\/2015\/10\/DSC01693-150x150.jpg\" class=\"attachment-thumbnail size-thumbnail\" alt=\"\" aria-describedby=\"gallery-1-4275\" \/><\/a>\n\t\t\t<\/div>\n\t\t\t\t<figcaption class='wp-caption-text gallery-caption' id='gallery-1-4275'>\n\t\t\t\tNikola Ljube\u0161i\u0107\n\t\t\t\t<\/figcaption><\/figure><figure class='gallery-item'>\n\t\t\t<div class='gallery-icon landscape'>\n\t\t\t\t<a href='https:\/\/nl.ijs.si\/janes\/wp-content\/uploads\/2015\/10\/DSC01700.jpg'><img loading=\"lazy\" decoding=\"async\" width=\"150\" height=\"150\" src=\"https:\/\/nl.ijs.si\/janes\/wp-content\/uploads\/2015\/10\/DSC01700-150x150.jpg\" class=\"attachment-thumbnail size-thumbnail\" alt=\"\" aria-describedby=\"gallery-1-4277\" \/><\/a>\n\t\t\t<\/div>\n\t\t\t\t<figcaption class='wp-caption-text gallery-caption' id='gallery-1-4277'>\n\t\t\t\tZagreb\u0161ki kolegi na delavnici\n\t\t\t\t<\/figcaption><\/figure><figure class='gallery-item'>\n\t\t\t<div class='gallery-icon landscape'>\n\t\t\t\t<a href='https:\/\/nl.ijs.si\/janes\/wp-content\/uploads\/2015\/10\/DSC01797.jpg'><img loading=\"lazy\" decoding=\"async\" width=\"150\" height=\"150\" src=\"https:\/\/nl.ijs.si\/janes\/wp-content\/uploads\/2015\/10\/DSC01797-150x150.jpg\" class=\"attachment-thumbnail size-thumbnail\" alt=\"\" aria-describedby=\"gallery-1-4280\" \/><\/a>\n\t\t\t<\/div>\n\t\t\t\t<figcaption class='wp-caption-text gallery-caption' id='gallery-1-4280'>\n\t\t\t\t1. skupina \u0161tudentov sloven\u0161\u010dine v Beogradu\n\t\t\t\t<\/figcaption><\/figure><figure class='gallery-item'>\n\t\t\t<div class='gallery-icon landscape'>\n\t\t\t\t<a href='https:\/\/nl.ijs.si\/janes\/wp-content\/uploads\/2015\/10\/DSC01808.jpg'><img loading=\"lazy\" decoding=\"async\" width=\"150\" height=\"150\" src=\"https:\/\/nl.ijs.si\/janes\/wp-content\/uploads\/2015\/10\/DSC01808-150x150.jpg\" class=\"attachment-thumbnail size-thumbnail\" alt=\"\" aria-describedby=\"gallery-1-4281\" \/><\/a>\n\t\t\t<\/div>\n\t\t\t\t<figcaption class='wp-caption-text gallery-caption' id='gallery-1-4281'>\n\t\t\t\t2. skupina \u0161tudentov sloven\u0161\u010dine v Beogradu\n\t\t\t\t<\/figcaption><\/figure><figure class='gallery-item'>\n\t\t\t<div class='gallery-icon landscape'>\n\t\t\t\t<a href='https:\/\/nl.ijs.si\/janes\/wp-content\/uploads\/2015\/10\/DSC01841.jpg'><img loading=\"lazy\" decoding=\"async\" width=\"150\" height=\"150\" src=\"https:\/\/nl.ijs.si\/janes\/wp-content\/uploads\/2015\/10\/DSC01841-150x150.jpg\" class=\"attachment-thumbnail size-thumbnail\" alt=\"\" aria-describedby=\"gallery-1-4285\" \/><\/a>\n\t\t\t<\/div>\n\t\t\t\t<figcaption class='wp-caption-text gallery-caption' id='gallery-1-4285'>\n\t\t\t\tProfesorski zbor v Beogradu\n\t\t\t\t<\/figcaption><\/figure><figure class='gallery-item'>\n\t\t\t<div class='gallery-icon landscape'>\n\t\t\t\t<a href='https:\/\/nl.ijs.si\/janes\/wp-content\/uploads\/2015\/10\/DSC01840.jpg'><img loading=\"lazy\" decoding=\"async\" width=\"150\" height=\"150\" src=\"https:\/\/nl.ijs.si\/janes\/wp-content\/uploads\/2015\/10\/DSC01840-150x150.jpg\" class=\"attachment-thumbnail size-thumbnail\" alt=\"\" aria-describedby=\"gallery-1-4284\" \/><\/a>\n\t\t\t<\/div>\n\t\t\t\t<figcaption class='wp-caption-text gallery-caption' id='gallery-1-4284'>\n\t\t\t\tProfesorski zbor v Beogradu\n\t\t\t\t<\/figcaption><\/figure><figure class='gallery-item'>\n\t\t\t<div class='gallery-icon landscape'>\n\t\t\t\t<a href='https:\/\/nl.ijs.si\/janes\/wp-content\/uploads\/2015\/10\/DSC01857.jpg'><img loading=\"lazy\" decoding=\"async\" width=\"150\" height=\"150\" src=\"https:\/\/nl.ijs.si\/janes\/wp-content\/uploads\/2015\/10\/DSC01857-150x150.jpg\" class=\"attachment-thumbnail size-thumbnail\" alt=\"\" aria-describedby=\"gallery-1-4288\" \/><\/a>\n\t\t\t<\/div>\n\t\t\t\t<figcaption class='wp-caption-text gallery-caption' id='gallery-1-4288'>\n\t\t\t\tAnotatorji na delavnici\n\t\t\t\t<\/figcaption><\/figure><figure class='gallery-item'>\n\t\t\t<div class='gallery-icon landscape'>\n\t\t\t\t<a href='https:\/\/nl.ijs.si\/janes\/wp-content\/uploads\/2015\/10\/DSC01870.jpg'><img loading=\"lazy\" decoding=\"async\" width=\"150\" height=\"150\" src=\"https:\/\/nl.ijs.si\/janes\/wp-content\/uploads\/2015\/10\/DSC01870-150x150.jpg\" class=\"attachment-thumbnail size-thumbnail\" alt=\"\" aria-describedby=\"gallery-1-4289\" \/><\/a>\n\t\t\t<\/div>\n\t\t\t\t<figcaption class='wp-caption-text gallery-caption' id='gallery-1-4289'>\n\t\t\t\tToma\u017e Erjavec\n\t\t\t\t<\/figcaption><\/figure><figure class='gallery-item'>\n\t\t\t<div class='gallery-icon landscape'>\n\t\t\t\t<a href='https:\/\/nl.ijs.si\/janes\/wp-content\/uploads\/2015\/10\/DSC01872.jpg'><img loading=\"lazy\" decoding=\"async\" width=\"150\" height=\"150\" src=\"https:\/\/nl.ijs.si\/janes\/wp-content\/uploads\/2015\/10\/DSC01872-150x150.jpg\" class=\"attachment-thumbnail size-thumbnail\" alt=\"\" aria-describedby=\"gallery-1-4290\" \/><\/a>\n\t\t\t<\/div>\n\t\t\t\t<figcaption class='wp-caption-text gallery-caption' id='gallery-1-4290'>\n\t\t\t\tMaja Mili\u010devi\u0107\n\t\t\t\t<\/figcaption><\/figure><figure class='gallery-item'>\n\t\t\t<div class='gallery-icon portrait'>\n\t\t\t\t<a href='https:\/\/nl.ijs.si\/janes\/wp-content\/uploads\/2015\/10\/2015-12-10-18.03.47-e1450122317504.jpg'><img loading=\"lazy\" decoding=\"async\" width=\"150\" height=\"150\" src=\"https:\/\/nl.ijs.si\/janes\/wp-content\/uploads\/2015\/10\/2015-12-10-18.03.47-e1450122317504-150x150.jpg\" class=\"attachment-thumbnail size-thumbnail\" alt=\"\" aria-describedby=\"gallery-1-4291\" \/><\/a>\n\t\t\t<\/div>\n\t\t\t\t<figcaption class='wp-caption-text gallery-caption' id='gallery-1-4291'>\n\t\t\t\tDarja Fi\u0161er\n\t\t\t\t<\/figcaption><\/figure><figure class='gallery-item'>\n\t\t\t<div class='gallery-icon landscape'>\n\t\t\t\t<a href='https:\/\/nl.ijs.si\/janes\/wp-content\/uploads\/2015\/10\/DSC01816.jpg'><img loading=\"lazy\" decoding=\"async\" width=\"150\" height=\"150\" src=\"https:\/\/nl.ijs.si\/janes\/wp-content\/uploads\/2015\/10\/DSC01816-150x150.jpg\" class=\"attachment-thumbnail size-thumbnail\" alt=\"\" aria-describedby=\"gallery-1-4282\" \/><\/a>\n\t\t\t<\/div>\n\t\t\t\t<figcaption class='wp-caption-text gallery-caption' id='gallery-1-4282'>\n\t\t\t\tSpominek za udele\u017eence\n\t\t\t\t<\/figcaption><\/figure>\n\t\t<\/div>\n\n<h2>Organizatorji<\/h2>\n<p><a href=\"https:\/\/www.ff.uni-lj.si\/\"><img loading=\"lazy\" decoding=\"async\" class=\"alignnone size-full wp-image-3657\" src=\"http:\/\/nl.ijs.si\/janes\/wp-content\/uploads\/2015\/03\/ff.png\" alt=\"ff\" width=\"100\" height=\"96\" \/><\/a>\u00a0<a href=\"http:\/\/www.clarin.si\/\"><img loading=\"lazy\" decoding=\"async\" class=\"alignnone wp-image-3658\" src=\"http:\/\/nl.ijs.si\/janes\/wp-content\/uploads\/2015\/03\/clarin-300x125.png\" alt=\"clarin\" width=\"226\" height=\"94\" srcset=\"https:\/\/nl.ijs.si\/janes\/wp-content\/uploads\/2015\/03\/clarin-300x125.png 300w, https:\/\/nl.ijs.si\/janes\/wp-content\/uploads\/2015\/03\/clarin.png 359w\" sizes=\"auto, (max-width: 226px) 100vw, 226px\" \/><\/a>\u00a0<a href=\"https:\/\/reldi.spur.uzh.ch\"><img loading=\"lazy\" decoding=\"async\" class=\"alignnone wp-image-3840\" src=\"http:\/\/nl.ijs.si\/janes\/wp-content\/uploads\/2015\/03\/ReLDI-254x300.png\" alt=\"ReLDI\" width=\"74\" height=\"88\" srcset=\"https:\/\/nl.ijs.si\/janes\/wp-content\/uploads\/2015\/03\/ReLDI-254x300.png 254w, https:\/\/nl.ijs.si\/janes\/wp-content\/uploads\/2015\/03\/ReLDI-867x1024.png 867w, https:\/\/nl.ijs.si\/janes\/wp-content\/uploads\/2015\/03\/ReLDI.png 882w\" sizes=\"auto, (max-width: 74px) 100vw, 74px\" \/><\/a><\/p>\n","protected":false},"excerpt":{"rendered":"<p>JANES Ekspres December 2015 Ljubljana \u2013 Zagreb \u2013\u00a0Beograd Utrinki JANES Ekspres v okviru razpisa za promocijo slovenske znanosti v tujini\u00a0sofinancira Javna agencija za raziskovalno dejavnost republike Slovenija\u00a0(ARRS). Cilj projekta je skozi predavanja in delavnice predstaviti gradnjo, ozna\u010devanje in analizo korpusa spletne sloven\u0161\u010dine\u00a0JANES\u00a0raziskovalcem in \u0161tudentom\u00a0na Hrva\u0161kem in v Srbiji. Institut &#8220;Jo\u017eef Stefan&#8221; , Ljubljana, 13.\u201314. november [&hellip;]<\/p>\n","protected":false},"author":2,"featured_media":0,"parent":3081,"menu_order":0,"comment_status":"closed","ping_status":"closed","template":"","meta":{"footnotes":""},"class_list":["post-3754","page","type-page","status-publish","hentry"],"_links":{"self":[{"href":"https:\/\/nl.ijs.si\/janes\/wp-json\/wp\/v2\/pages\/3754","targetHints":{"allow":["GET"]}}],"collection":[{"href":"https:\/\/nl.ijs.si\/janes\/wp-json\/wp\/v2\/pages"}],"about":[{"href":"https:\/\/nl.ijs.si\/janes\/wp-json\/wp\/v2\/types\/page"}],"author":[{"embeddable":true,"href":"https:\/\/nl.ijs.si\/janes\/wp-json\/wp\/v2\/users\/2"}],"replies":[{"embeddable":true,"href":"https:\/\/nl.ijs.si\/janes\/wp-json\/wp\/v2\/comments?post=3754"}],"version-history":[{"count":60,"href":"https:\/\/nl.ijs.si\/janes\/wp-json\/wp\/v2\/pages\/3754\/revisions"}],"predecessor-version":[{"id":6089,"href":"https:\/\/nl.ijs.si\/janes\/wp-json\/wp\/v2\/pages\/3754\/revisions\/6089"}],"up":[{"embeddable":true,"href":"https:\/\/nl.ijs.si\/janes\/wp-json\/wp\/v2\/pages\/3081"}],"wp:attachment":[{"href":"https:\/\/nl.ijs.si\/janes\/wp-json\/wp\/v2\/media?parent=3754"}],"curies":[{"name":"wp","href":"https:\/\/api.w.org\/{rel}","templated":true}]}}