{"id":8,"date":"2017-05-15T16:53:25","date_gmt":"2017-05-15T16:53:25","guid":{"rendered":"http:\/\/nl.ijs.si\/frenk\/?page_id=8"},"modified":"2020-09-28T08:43:17","modified_gmt":"2020-09-28T08:43:17","slug":"projekt-arrs-j7-8280","status":"publish","type":"page","link":"https:\/\/nl.ijs.si\/frenk\/","title":{"rendered":"Projekt ARRS J7-8280"},"content":{"rendered":"<h2 style=\"text-align: justify;\">Povzetek projekta<\/h2>\n<p style=\"text-align: justify;\">\u010ceprav pojav razli\u010dnih oblik dru\u017ebeno nesprejemljivega diskurza (DND), kot so sovra\u017eno, diskriminatorno in \u017ealjivo izra\u017eanje, \u0161e zdale\u010d ni nov, se z njimi v zadnjem \u010dasu zaradi \u0161tevilnih dru\u017ebenih, kulturnih in ekonomskih sprememb izrazito intenzivno soo\u010damo. Gre za izjemno \u0161irok in globalen dru\u017ebeni problem, na katerega opozarjajo vse klju\u010dne mednarodne organizacije, kot so Svet Evrope, Evropska unija, Organizacija za varnost in sodelovanje v Evropi ter Zdru\u017eeni narodi. Kot dokazujejo redke doslej opravljene jezikoslovne raziskave sovra\u017enega govora v Sloveniji (\u010cerv in Kalin Golob 2012, Campos Fereira idr. 2012), problematika tovrstnih nesprejemljivih diskurzivnih praks mo\u010dno presega okvire jezikoslovja, zato se lahko z njimi uspe\u0161no spopadamo le v sodelovanju s sociologi in pravniki. Ker pa je \u017ealjivi in sovra\u017eni govor z razmahom informacijsko-komunikacijskih tehnologij in ra\u010dunalni\u0161ko posredovane komunikacije (RPK) ter s hitrostjo \u0161irjenja informacij po internetu dobil povsem novo razse\u017enost, za u\u010dinkovito soo\u010danje z njim v informacijski dru\u017ebi hkrati nujno potrebujemo tudi avtomatiziran pristop.<\/p>\n<p style=\"text-align: justify;\">Predlagana raziskava ponuja kombinacijo najsodobnej\u0161ih kvantitativnih in kvalitativnih multidisciplinarnih pristopov, kot so metode korpusnega jezikoslovja in kriti\u010dne analize diskurza, pravne analize in sociolo\u0161ke metode anketiranja, ki prou\u010dujejo rabo in dojemanje dru\u017ebeno nesprejemljivega komuniciranja v dru\u017ebeno-kulturnem kontekstu. Obenem na\u010drtovani pristopi z metodami analize vsebine, opisne in inferen\u010dne statistike ter strojnega u\u010denja za prepoznavanje in prepre\u010devanje tovrstnih spornih diskurzivnih praks obetajo dragoceno digitalno nadgraditev tradicionalne humanistike in dru\u017eboslovja s pristopi, ki temeljijo na velikih koli\u010dinah nestrukturiranih in delno strukturiranih podatkov.<\/p>\n<p style=\"text-align: justify;\">Projekt ima mo\u010dno empiri\u010dno podlago, saj bo ve\u010dina raziskav izvedenih na velikih, bogato ozna\u010denih slovenskih korpusih DND in RKP. Za razvoj avtomatskih metod ozna\u010devanja bomo izdelali ro\u010dno ozna\u010dene podatkovne zbirke in z metodami strojnega u\u010denja (SU) zgradili modele za prepoznavanje pojavov, ki so predmet raziskave.<\/p>\n<h2 style=\"text-align: justify;\">Cilji projekta<\/h2>\n<ul>\n<li style=\"text-align: justify;\">Prva celovita interdisciplinarna obravnava jezikoslovnih, sociolo\u0161kih, pravnih in tehnolo\u0161kih dimenzij razli\u010dnih oblik DND<\/li>\n<li style=\"text-align: justify;\">Razumevanje zna\u010dilnosti DND kot jezikoslovnega pojava ter dru\u017ebenega konteksta, v katerem se pojavljajo eksplicitne in implicitne oblike diskriminatornega jezika<\/li>\n<li style=\"text-align: justify;\">Izbolj\u0161ano razumevanje razlik med zakonitimi in nezakonitimi oblikami sporazumevanja na spletu<\/li>\n<\/ul>\n<div id=\"themify_builder_content-8\" data-postid=\"8\" class=\"themify_builder_content themify_builder_content-8 themify_builder\">\n    <\/div>\n<!-- \/themify_builder_content -->\n","protected":false},"excerpt":{"rendered":"<p>Povzetek projekta \u010ceprav pojav razli\u010dnih oblik dru\u017ebeno nesprejemljivega diskurza (DND), kot so sovra\u017eno, diskriminatorno in \u017ealjivo izra\u017eanje, \u0161e zdale\u010d ni nov, se z njimi v zadnjem \u010dasu zaradi \u0161tevilnih dru\u017ebenih, kulturnih in ekonomskih sprememb izrazito intenzivno soo\u010damo. Gre za izjemno \u0161irok in globalen dru\u017ebeni problem, na katerega opozarjajo vse klju\u010dne mednarodne organizacije, kot so Svet [&hellip;]<\/p>\n","protected":false},"author":1,"featured_media":0,"parent":0,"menu_order":0,"comment_status":"closed","ping_status":"closed","template":"","meta":{"footnotes":""},"class_list":["post-8","page","type-page","status-publish","hentry","no-post-title","has-post-date","has-post-category","has-post-tag","has-post-comment","has-post-author",""],"builder_content":"","_links":{"self":[{"href":"https:\/\/nl.ijs.si\/frenk\/wp-json\/wp\/v2\/pages\/8","targetHints":{"allow":["GET"]}}],"collection":[{"href":"https:\/\/nl.ijs.si\/frenk\/wp-json\/wp\/v2\/pages"}],"about":[{"href":"https:\/\/nl.ijs.si\/frenk\/wp-json\/wp\/v2\/types\/page"}],"author":[{"embeddable":true,"href":"https:\/\/nl.ijs.si\/frenk\/wp-json\/wp\/v2\/users\/1"}],"replies":[{"embeddable":true,"href":"https:\/\/nl.ijs.si\/frenk\/wp-json\/wp\/v2\/comments?post=8"}],"version-history":[{"count":27,"href":"https:\/\/nl.ijs.si\/frenk\/wp-json\/wp\/v2\/pages\/8\/revisions"}],"predecessor-version":[{"id":596,"href":"https:\/\/nl.ijs.si\/frenk\/wp-json\/wp\/v2\/pages\/8\/revisions\/596"}],"wp:attachment":[{"href":"https:\/\/nl.ijs.si\/frenk\/wp-json\/wp\/v2\/media?parent=8"}],"curies":[{"name":"wp","href":"https:\/\/api.w.org\/{rel}","templated":true}]}}