{"id":362,"date":"2017-07-14T17:33:11","date_gmt":"2017-07-14T17:33:11","guid":{"rendered":"http:\/\/nl.ijs.si\/frenk\/?page_id=362"},"modified":"2017-07-14T18:10:13","modified_gmt":"2017-07-14T18:10:13","slug":"institucije","status":"publish","type":"page","link":"https:\/\/nl.ijs.si\/frenk\/izvajalci\/institucije\/","title":{"rendered":"Institucije"},"content":{"rendered":"<h2>Konzorcij<\/h2>\n<p style=\"text-align: justify;\">Projekt je izrazito interdisciplinaren in povezuje strokovnjake s podro\u010dja korpusnega jezikoslovja in sociolingvistike s strokovnjaki s podro\u010dja kriti\u010dne analize diskurza in dru\u017eboslovnega anketiranja in pravne analize s strokovnjaki s podro\u010dja jezikovnih tehnologij in strojnega u\u010denja za sloven\u0161\u010dino. Konzorcij sestavljajo naslednji projektni partnerji:<\/p>\n<h3>Odsek za tehnologije znanja, In\u0161titut \u201cJo\u017eef Stefan\u201d (IJS)<\/h3>\n<div class=\"gca-utility columns-container\"><div class=\"gca-column one-third first\"><a href=\"https:\/\/www.ijs.si\/ijsw\"><img loading=\"lazy\" decoding=\"async\" class=\"alignleft size-full wp-image-87\" src=\"https:\/\/nl.ijs.si\/frenk\/wp-content\/uploads\/2017\/05\/ijs-logo1-200x94.png\" alt=\"\" width=\"200\" height=\"94\" \/><\/a><\/div>\n<div class=\"gca-column two-thirds\">je v Sloveniji vodilna raziskovalna skupina za gradnjo korpusov in procesiranje spletne sloven\u0161\u010dine ter uporabo strojnega u\u010denja nad jezikovnimi podatki. V okviru projekta bo izvedel zajem, gradnjo in jezikoslovno ozna\u010devanje korpusov, obogatitev metapodatkov in razvoj metod za avtomatsko detekcijo in klasifikacijo DND. Prav tako bo poskrbel za odpravo pravnih ovir za distribucijo razvitih virov in za distribucijo samo.<\/div><\/div>\n<h3>Filozofska fakulteta, Univerza v Ljubljani (FF)<\/h3>\n<div class=\"gca-utility columns-container\"><div class=\"gca-column one-third first\"><a href=\"http:\/\/www.prevajalstvo.net\/\"><img loading=\"lazy\" decoding=\"async\" class=\"alignnone wp-image-93\" src=\"https:\/\/nl.ijs.si\/frenk\/wp-content\/uploads\/2017\/05\/ff-logo-200x195.png\" alt=\"\" width=\"150\" height=\"146\" \/><\/a><\/div>\n<div class=\"gca-column two-thirds\">je v Sloveniji vodilna raziskovalna ustanova za korpusno jezikoslovje, sociolingvistiko in analizo RPK. V okviru projekta bo izvedla kvantitativne in kvalitativne jezikoslovne analize in kriti\u010dno analizo diskurza DND.<\/div><\/div>\n<h3>Fakulteta za dru\u017ebene vede, Univerza v Ljubljani (FDV)<\/h3>\n<div class=\"gca-utility columns-container\"><div class=\"gca-column one-third first\"><a href=\"https:\/\/www.fdv.uni-lj.si\/\"><img loading=\"lazy\" decoding=\"async\" class=\"alignleft size-medium wp-image-392\" src=\"https:\/\/nl.ijs.si\/frenk\/wp-content\/uploads\/2017\/07\/8_FDV_logo_univerzalni_slo_lezece-300x125.jpg\" alt=\"\" width=\"300\" height=\"125\" srcset=\"https:\/\/nl.ijs.si\/frenk\/wp-content\/uploads\/2017\/07\/8_FDV_logo_univerzalni_slo_lezece-300x125.jpg 300w, https:\/\/nl.ijs.si\/frenk\/wp-content\/uploads\/2017\/07\/8_FDV_logo_univerzalni_slo_lezece.jpg 734w\" sizes=\"auto, (max-width: 300px) 100vw, 300px\" \/><\/a><\/div>\n<div class=\"gca-column two-thirds\">je v Sloveniji vodilna raziskovalna skupina za internetno raziskovanje, e-dru\u017eboslovje in varno rabo interneta. V okviru projekta bo razvila tipologijo in smernice za ozna\u010devanje DND ter ju uporabila za ro\u010dno ozna\u010devanje zbirke DND, nato pa s pomo\u010djo ozna\u010dene zbirke sociolo\u0161ko analizo dojemanja DND v splo\u0161ni javnosti.<\/div><\/div>\n<h3>Mirovni in\u0161titut (MI)<\/h3>\n<div class=\"gca-utility columns-container\"><div class=\"gca-column one-third first\"><a href=\"http:\/\/www.mirovni-institut.si\/\"><img loading=\"lazy\" decoding=\"async\" class=\"alignnone size-medium wp-image-92\" src=\"https:\/\/nl.ijs.si\/frenk\/wp-content\/uploads\/2017\/05\/mi-logo-sl-300x47.png\" alt=\"\" width=\"300\" height=\"47\" srcset=\"https:\/\/nl.ijs.si\/frenk\/wp-content\/uploads\/2017\/05\/mi-logo-sl-300x47.png 300w, https:\/\/nl.ijs.si\/frenk\/wp-content\/uploads\/2017\/05\/mi-logo-sl.png 721w\" sizes=\"auto, (max-width: 300px) 100vw, 300px\" \/><\/a><\/div>\n<div class=\"gca-column two-thirds\">je v Sloveniji vodilna raziskovalna skupina za vpra\u0161anja \u010dlovekovih pravic, diskriminacije, manj\u0161in in drugih ranljivih skupin. V okviru projekta bo za izbolj\u0161anje razumevanja in kontekstualizacije konceptov spletnega DND v \u0161ir\u0161em dru\u017ebenem kontekstu izvedel analizo nacionalizma, rasizma, \u010dlovekovih pravic, kazenskopravne inkriminacije verbalnih deliktov in diskriminacije. MI bo izvedel tudi kvalitativne sociolo\u0161ke in pravne analize korpusa ter pripravil pravne smernice za obravnavo identificiranih nesprejemljivih diskurzivnih praks.<\/div><\/div>\n<div id=\"themify_builder_content-362\" data-postid=\"362\" class=\"themify_builder_content themify_builder_content-362 themify_builder\">\n    <\/div>\n<!-- \/themify_builder_content -->\n","protected":false},"excerpt":{"rendered":"<p>Konzorcij Projekt je izrazito interdisciplinaren in povezuje strokovnjake s podro\u010dja korpusnega jezikoslovja in sociolingvistike s strokovnjaki s podro\u010dja kriti\u010dne analize diskurza in dru\u017eboslovnega anketiranja in pravne analize s strokovnjaki s podro\u010dja jezikovnih tehnologij in strojnega u\u010denja za sloven\u0161\u010dino. Konzorcij sestavljajo naslednji projektni partnerji: Odsek za tehnologije znanja, In\u0161titut \u201cJo\u017eef Stefan\u201d (IJS) Filozofska fakulteta, Univerza v [&hellip;]<\/p>\n","protected":false},"author":1,"featured_media":0,"parent":360,"menu_order":0,"comment_status":"closed","ping_status":"closed","template":"","meta":{"footnotes":""},"class_list":["post-362","page","type-page","status-publish","hentry","no-post-title","has-post-date","has-post-category","has-post-tag","has-post-comment","has-post-author",""],"builder_content":"","_links":{"self":[{"href":"https:\/\/nl.ijs.si\/frenk\/wp-json\/wp\/v2\/pages\/362","targetHints":{"allow":["GET"]}}],"collection":[{"href":"https:\/\/nl.ijs.si\/frenk\/wp-json\/wp\/v2\/pages"}],"about":[{"href":"https:\/\/nl.ijs.si\/frenk\/wp-json\/wp\/v2\/types\/page"}],"author":[{"embeddable":true,"href":"https:\/\/nl.ijs.si\/frenk\/wp-json\/wp\/v2\/users\/1"}],"replies":[{"embeddable":true,"href":"https:\/\/nl.ijs.si\/frenk\/wp-json\/wp\/v2\/comments?post=362"}],"version-history":[{"count":5,"href":"https:\/\/nl.ijs.si\/frenk\/wp-json\/wp\/v2\/pages\/362\/revisions"}],"predecessor-version":[{"id":393,"href":"https:\/\/nl.ijs.si\/frenk\/wp-json\/wp\/v2\/pages\/362\/revisions\/393"}],"up":[{"embeddable":true,"href":"https:\/\/nl.ijs.si\/frenk\/wp-json\/wp\/v2\/pages\/360"}],"wp:attachment":[{"href":"https:\/\/nl.ijs.si\/frenk\/wp-json\/wp\/v2\/media?parent=362"}],"curies":[{"name":"wp","href":"https:\/\/api.w.org\/{rel}","templated":true}]}}